{"version":"1.0","provider_name":"Blog Dexeus Mujer","provider_url":"https:\/\/www.dexeus.com\/blog\/ca\/","title":"Com parlar als nens sobre la diversitat familiar - Blog Dexeus Mujer","type":"rich","width":600,"height":338,"html":"<blockquote class=\"wp-embedded-content\" data-secret=\"Y7KItJCk5i\"><a href=\"https:\/\/www.dexeus.com\/blog\/ca\/maternitat\/diversitat-familiar\/\">Com parlar als nens sobre la diversitat familiar<\/a><\/blockquote><iframe sandbox=\"allow-scripts\" security=\"restricted\" src=\"https:\/\/www.dexeus.com\/blog\/ca\/maternitat\/diversitat-familiar\/embed\/#?secret=Y7KItJCk5i\" width=\"600\" height=\"338\" title=\"&#8220;Com parlar als nens sobre la diversitat familiar&#8221; &#8212; Blog Dexeus Mujer\" data-secret=\"Y7KItJCk5i\" frameborder=\"0\" marginwidth=\"0\" marginheight=\"0\" scrolling=\"no\" class=\"wp-embedded-content\"><\/iframe><script type=\"text\/javascript\">\n\/* <![CDATA[ *\/\n\/*! This file is auto-generated *\/\n!function(d,l){\"use strict\";l.querySelector&&d.addEventListener&&\"undefined\"!=typeof URL&&(d.wp=d.wp||{},d.wp.receiveEmbedMessage||(d.wp.receiveEmbedMessage=function(e){var t=e.data;if((t||t.secret||t.message||t.value)&&!\/[^a-zA-Z0-9]\/.test(t.secret)){for(var s,r,n,a=l.querySelectorAll('iframe[data-secret=\"'+t.secret+'\"]'),o=l.querySelectorAll('blockquote[data-secret=\"'+t.secret+'\"]'),c=new RegExp(\"^https?:$\",\"i\"),i=0;i<o.length;i++)o[i].style.display=\"none\";for(i=0;i<a.length;i++)s=a[i],e.source===s.contentWindow&&(s.removeAttribute(\"style\"),\"height\"===t.message?(1e3<(r=parseInt(t.value,10))?r=1e3:~~r<200&&(r=200),s.height=r):\"link\"===t.message&&(r=new URL(s.getAttribute(\"src\")),n=new URL(t.value),c.test(n.protocol))&&n.host===r.host&&l.activeElement===s&&(d.top.location.href=t.value))}},d.addEventListener(\"message\",d.wp.receiveEmbedMessage,!1),l.addEventListener(\"DOMContentLoaded\",function(){for(var e,t,s=l.querySelectorAll(\"iframe.wp-embedded-content\"),r=0;r<s.length;r++)(t=(e=s[r]).getAttribute(\"data-secret\"))||(t=Math.random().toString(36).substring(2,12),e.src+=\"#?secret=\"+t,e.setAttribute(\"data-secret\",t)),e.contentWindow.postMessage({message:\"ready\",secret:t},\"*\")},!1)))}(window,document);\n\/* ]]> *\/\n<\/script>\n","thumbnail_url":"https:\/\/www.dexeus.com\/blog\/wp-content\/uploads\/2023\/09\/diversidad-familiar-scaled.jpeg","thumbnail_width":2560,"thumbnail_height":1707,"description":"L&#8217;escola \u00e9s una de les primeres refer\u00e8ncies que tenim de la societat. Per aix\u00f2, tot el que all\u00e0 es viu \u00e9s important. \u00c9s el lloc en el qual fem els primers amics i coneixem altres fam\u00edlies, normes i estils de vida. Sovint diferents o molt diferents a la nostra, perqu\u00e8 no hi ha cap fam\u00edlia [&hellip;]"}

L&#8217;escola és una de les primeres referències que tenim de la societat. Per això, tot el que allà es viu és important. És el lloc en el qual fem els primers amics i coneixem altres famílies, normes i estils de vida. Sovint diferents o molt diferents a la nostra, perquè no hi ha cap família [&hellip;]
