{"version":"1.0","provider_name":"Dexeus Cloud","provider_url":"https:\/\/www.dexeus.com\/cloud","author_name":"Mum's Cool","author_url":"https:\/\/www.dexeus.com\/cloud\/author\/digitalavenue\/","title":"Preparaci\u00f3n p\u00e9lvica para el parto - Dexeus Cloud","type":"rich","width":600,"height":338,"html":"<blockquote class=\"wp-embedded-content\" data-secret=\"pg4teF7KxT\"><a href=\"https:\/\/www.dexeus.com\/cloud\/curso\/preparacion-pelvica-para-el-parto\/\">Preparaci\u00f3n p\u00e9lvica para el parto<\/a><\/blockquote><iframe sandbox=\"allow-scripts\" security=\"restricted\" src=\"https:\/\/www.dexeus.com\/cloud\/curso\/preparacion-pelvica-para-el-parto\/embed\/#?secret=pg4teF7KxT\" width=\"600\" height=\"338\" title=\"\u00abPreparaci\u00f3n p\u00e9lvica para el parto\u00bb \u2014 Dexeus Cloud\" data-secret=\"pg4teF7KxT\" frameborder=\"0\" marginwidth=\"0\" marginheight=\"0\" scrolling=\"no\" class=\"wp-embedded-content\"><\/iframe><script type=\"text\/javascript\">\n\/*! This file is auto-generated *\/\n!function(c,l){\"use strict\";var e=!1,o=!1;if(l.querySelector)if(c.addEventListener)e=!0;if(c.wp=c.wp||{},c.wp.receiveEmbedMessage);else if(c.wp.receiveEmbedMessage=function(e){var t=e.data;if(!t);else if(!(t.secret||t.message||t.value));else if(\/[^a-zA-Z0-9]\/.test(t.secret));else{for(var r,s,a,i=l.querySelectorAll('iframe[data-secret=\"'+t.secret+'\"]'),n=l.querySelectorAll('blockquote[data-secret=\"'+t.secret+'\"]'),o=0;o<n.length;o++)n[o].style.display=\"none\";for(o=0;o<i.length;o++)if(r=i[o],e.source!==r.contentWindow);else{if(r.removeAttribute(\"style\"),\"height\"===t.message){if(1e3<(s=parseInt(t.value,10)))s=1e3;else if(~~s<200)s=200;r.height=s}if(\"link\"===t.message)if(s=l.createElement(\"a\"),a=l.createElement(\"a\"),s.href=r.getAttribute(\"src\"),a.href=t.value,a.host===s.host)if(l.activeElement===r)c.top.location.href=t.value}}},e)c.addEventListener(\"message\",c.wp.receiveEmbedMessage,!1),l.addEventListener(\"DOMContentLoaded\",t,!1),c.addEventListener(\"load\",t,!1);function t(){if(o);else{o=!0;for(var e,t,r,s=-1!==navigator.appVersion.indexOf(\"MSIE 10\"),a=!!navigator.userAgent.match(\/Trident.*rv:11\\.\/),i=l.querySelectorAll(\"iframe.wp-embedded-content\"),n=0;n<i.length;n++){if(!(r=(t=i[n]).getAttribute(\"data-secret\")))r=Math.random().toString(36).substr(2,10),t.src+=\"#?secret=\"+r,t.setAttribute(\"data-secret\",r);if(s||a)(e=t.cloneNode(!0)).removeAttribute(\"security\"),t.parentNode.replaceChild(e,t);t.contentWindow.postMessage({message:\"ready\",secret:r},\"*\")}}}}(window,document);\n<\/script>\n","thumbnail_url":"https:\/\/www.dexeus.com\/cloud\/wp-content\/uploads\/2020\/04\/shutterstock_512039794.jpg","thumbnail_width":1000,"thumbnail_height":667,"description":"[vc_row full_width=\u00bbstretch_row\u00bb full_height=\u00bbyes\u00bb content_placement=\u00bbtop\u00bb css=\u00bb.vc_custom_1558087777111{padding-top: 3% !important;}\u00bb][vc_column width=\u00bb1\/3&#8243;][vc_column_text] Preparaci\u00f3n p\u00e9lvica para el parto Durante el embarazo es importante prepararse lo mejor posible para el momento del parto. La preparaci\u00f3n p\u00e9lvica favorece el trabajo de parto, la disminuci\u00f3n de la percepci\u00f3n del dolor y la concienciaci\u00f3n del canal de parto.[\/vc_column_text][\/vc_column][vc_column width=\u00bb2\/3&#8243;][vc_raw_html]JTNDZGl2JTNFJTBBJTIwJTIwJTIwJTIwJTNDaWZyYW1lJTIwd2lkdGglM0QlMjI3MzQlMjIlMjBoZWlnaHQlM0QlMjI0MzYlMjIlMjBzcmMlM0QlMjJodHRwcyUzQSUyRiUyRnBsYXllci52aW1lby5jb20lMkZ2aWRlbyUyRjQwNTQ0Njk5NCUzRmxvb3AlM0QxJTI2YXV0b3BhdXNlJTNEMCUyMiUyMGZyYW1lYm9yZGVyJTNEJTIyMCUyMiUyMGFsbG93ZnVsbHNjcmVlbiUzRSUzQyUyRmlmcmFtZSUzRSUwQSUzQyUyRmRpdiUzRQ==[\/vc_raw_html][\/vc_column][\/vc_row][vc_row][vc_column][\/vc_column][\/vc_row]"}

Preparación pélvica para el parto - Dexeus Cloud

<blockquote class="wp-embedded-content" data-secret="pg4teF7KxT"><a href="https://www.dexeus.com/cloud/curso/preparacion-pelvica-para-el-parto/">Preparación pélvica para el parto</a></blockquote><iframe sandbox="allow-scripts" security="restricted" src="https://www.dexeus.com/cloud/curso/preparacion-pelvica-para-el-parto/embed/#?secret=pg4teF7KxT" width="600" height="338" title="«Preparación pélvica para el parto» — Dexeus Cloud" data-secret="pg4teF7KxT" frameborder="0" marginwidth="0" marginheight="0" scrolling="no" class="wp-embedded-content"></iframe><script type="text/javascript">
/*! This file is auto-generated */
!function(c,l){"use strict";var e=!1,o=!1;if(l.querySelector)if(c.addEventListener)e=!0;if(c.wp=c.wp||{},c.wp.receiveEmbedMessage);else if(c.wp.receiveEmbedMessage=function(e){var t=e.data;if(!t);else if(!(t.secret||t.message||t.value));else if(/[^a-zA-Z0-9]/.test(t.secret));else{for(var r,s,a,i=l.querySelectorAll('iframe[data-secret="'+t.secret+'"]'),n=l.querySelectorAll('blockquote[data-secret="'+t.secret+'"]'),o=0;o<n.length;o++)n[o].style.display="none";for(o=0;o<i.length;o++)if(r=i[o],e.source!==r.contentWindow);else{if(r.removeAttribute("style"),"height"===t.message){if(1e3<(s=parseInt(t.value,10)))s=1e3;else if(~~s<200)s=200;r.height=s}if("link"===t.message)if(s=l.createElement("a"),a=l.createElement("a"),s.href=r.getAttribute("src"),a.href=t.value,a.host===s.host)if(l.activeElement===r)c.top.location.href=t.value}}},e)c.addEventListener("message",c.wp.receiveEmbedMessage,!1),l.addEventListener("DOMContentLoaded",t,!1),c.addEventListener("load",t,!1);function t(){if(o);else{o=!0;for(var e,t,r,s=-1!==navigator.appVersion.indexOf("MSIE 10"),a=!!navigator.userAgent.match(/Trident.*rv:11\./),i=l.querySelectorAll("iframe.wp-embedded-content"),n=0;n<i.length;n++){if(!(r=(t=i[n]).getAttribute("data-secret")))r=Math.random().toString(36).substr(2,10),t.src+="#?secret="+r,t.setAttribute("data-secret",r);if(s||a)(e=t.cloneNode(!0)).removeAttribute("security"),t.parentNode.replaceChild(e,t);t.contentWindow.postMessage({message:"ready",secret:r},"*")}}}}(window,document);
</script>

[vc_row full_width=»stretch_row» full_height=»yes» content_placement=»top» css=».vc_custom_1558087777111{padding-top: 3% !important;}»][vc_column width=»1/3&#8243;][vc_column_text] Preparación pélvica para el parto Durante el embarazo es importante prepararse lo mejor posible para el momento del parto. La preparación pélvica favorece el trabajo de parto, la disminución de la percepción del dolor y la concienciación del canal de parto.[/vc_column_text][/vc_column][vc_column width=»2/3&#8243;][vc_raw_html]JTNDZGl2JTNFJTBBJTIwJTIwJTIwJTIwJTNDaWZyYW1lJTIwd2lkdGglM0QlMjI3MzQlMjIlMjBoZWlnaHQlM0QlMjI0MzYlMjIlMjBzcmMlM0QlMjJodHRwcyUzQSUyRiUyRnBsYXllci52aW1lby5jb20lMkZ2aWRlbyUyRjQwNTQ0Njk5NCUzRmxvb3AlM0QxJTI2YXV0b3BhdXNlJTNEMCUyMiUyMGZyYW1lYm9yZGVyJTNEJTIyMCUyMiUyMGFsbG93ZnVsbHNjcmVlbiUzRSUzQyUyRmlmcmFtZSUzRSUwQSUzQyUyRmRpdiUzRQ==[/vc_raw_html][/vc_column][/vc_row][vc_row][vc_column][/vc_column][/vc_row]
