{"id":14631,"date":"2024-01-16T16:14:16","date_gmt":"2024-01-16T15:14:16","guid":{"rendered":"https:\/\/www.dexeus.com\/cloud\/?post_type=dt_portfolio&#038;p=14631"},"modified":"2025-09-02T16:48:41","modified_gmt":"2025-09-02T14:48:41","slug":"edad-materna-avanzada","status":"publish","type":"dt_portfolio","link":"https:\/\/www.dexeus.com\/cloud\/curso\/edad-materna-avanzada\/","title":{"rendered":"Edad Materna Avanzada"},"content":{"rendered":"<p>[vc_row full_width=\u00bbstretch_row\u00bb full_height=\u00bbyes\u00bb content_placement=\u00bbtop\u00bb css=\u00bb.vc_custom_1558094854057{padding-top: 3% !important;}\u00bb][vc_column][vc_column_text]<strong>Edad Materna Avanzada<\/strong>[\/vc_column_text][vc_raw_html]JTNDaWZyYW1lJTIwd2lkdGglM0QlMjIxMDAlMjUlMjIlMjBoZWlnaHQlM0QlMjI2MjIlMjIlMjBzcmMlM0QlMjJodHRwcyUzQSUyRiUyRnd3dy55b3V0dWJlLmNvbSUyRmVtYmVkJTJGZ2xmdVZ4ZEZkdFklM0ZzaSUzREI1SzRDeVRNWGtBbS1YSjIlMjIlMjB0aXRsZSUzRCUyMllvdVR1YmUlMjB2aWRlbyUyMHBsYXllciUyMiUyMGZyYW1lYm9yZGVyJTNEJTIyMCUyMiUyMGFsbG93JTNEJTIyYWNjZWxlcm9tZXRlciUzQiUyMGF1dG9wbGF5JTNCJTIwY2xpcGJvYXJkLXdyaXRlJTNCJTIwZW5jcnlwdGVkLW1lZGlhJTNCJTIwZ3lyb3Njb3BlJTNCJTIwcGljdHVyZS1pbi1waWN0dXJlJTNCJTIwd2ViLXNoYXJlJTIyJTIwYWxsb3dmdWxsc2NyZWVuJTNFJTNDJTJGaWZyYW1lJTNF[\/vc_raw_html][vc_column_text]\u00bfSab\u00edas que en Espa\u00f1a la edad media del primer hijo es casi 33 a\u00f1os?<\/p>\n<p>El retraso de la maternidad es un fen\u00f3meno multifactorial relacionado sobre todo con el acceso universal a una contracepci\u00f3n eficaz, el nivel educacional y la incorporaci\u00f3n de la mujer al mundo laboral, as\u00ed como el no disponer de una pareja adecuada.<\/p>\n<p>El problema es que la edad tiene un <strong>impacto negativo en la fertilidad<\/strong>, sobre todo en la mujer:<\/p>\n<p>El ovario humano adquiere su cuota total de ovocitos en la semana 20 de gestaci\u00f3n (6-7 millones) y, desde entonces, desde antes de nacer, empezamos a perder reserva ov\u00e1rica sin capacidad de generar ovocitos nuevos. Esta p\u00e9rdida es muy gradual los primeros a\u00f1os de vida, pero<strong> a partir de los 35 a\u00f1os el ritmo de p\u00e9rdida se acelera de forma significativa<\/strong>. En paralelo al descenso cuantitativo, se produce una p\u00e9rdida de la calidad, relacionada sobre todo con la competencia gen\u00e9tica del ovocito. La edad media del \u00faltimo hijo en poblaciones que no se protegen con medidas contraceptivas es 40-41 a\u00f1os y esto sigue un patr\u00f3n universal. A esta edad, la probabilidad mensual de tener un hijo de forma natural es de un 6%.<\/p>\n<p>Pues bien, todo esto explica el auge de las <a href=\"https:\/\/www.dexeus.com\/fertility\/tratamientos\/\" target=\"_blank\" rel=\"noopener\">t\u00e9cnicas de reproducci\u00f3n asistida en mujeres de edad avanzada<\/a>, el problema es que la FIV, a partir de cierta edad, tiene una eficacia limitada. A partir de los 38 a\u00f1os solemos recomendar pasar ya a FIV y a esta edad tenemos casi un 30% de probabilidad acumulada de tener un hijo. Cuando planteamos hacer una FIV en mujeres de edad avanzada, en general recomendamos hacer un cribado de aneuploid\u00edas en los embriones, con el fin de evitar transferir en el \u00fatero embriones con alteraciones cromos\u00f3micas.<\/p>\n<p>Una estrategia en auge a modo de prevenci\u00f3n es la preservaci\u00f3n electiva de la fertilidad, es decir, <a href=\"https:\/\/www.dexeus.com\/cloud\/curso\/preservacion-fertilidad\/\">congelar \u00f3vulos cuando se es joven<\/a> si no hay plan de maternidad a corto plazo, de esto hablaremos en otro v\u00eddeo.[\/vc_column_text][\/vc_column][\/vc_row][vc_row][vc_column][\/vc_column][\/vc_row]<\/p>\n","protected":false},"excerpt":{"rendered":"<p>El retraso de la maternidad es un fen\u00f3meno multifactorial relacionado sobre todo con el acceso universal a una contracepci\u00f3n eficaz, el nivel educacional y la incorporaci\u00f3n de la mujer al mundo laboral.<\/p>\n","protected":false},"author":1,"featured_media":14328,"comment_status":"closed","ping_status":"closed","template":"","dt_portfolio_category":[60],"dt_portfolio_tags":[],"yoast_head":"<!-- This site is optimized with the Yoast SEO plugin v20.1 - https:\/\/yoast.com\/wordpress\/plugins\/seo\/ -->\n<title>Edad Materna Avanzada - Dexeus Cloud<\/title>\n<meta name=\"robots\" content=\"noindex, follow\" \/>\n<meta property=\"og:locale\" content=\"es_ES\" \/>\n<meta property=\"og:type\" content=\"article\" \/>\n<meta property=\"og:title\" content=\"Edad Materna Avanzada - Dexeus Cloud\" \/>\n<meta property=\"og:description\" content=\"El retraso de la maternidad es un fen\u00f3meno multifactorial relacionado sobre todo con el acceso universal a una contracepci\u00f3n eficaz, el nivel educacional y la incorporaci\u00f3n de la mujer al mundo laboral.\" \/>\n<meta property=\"og:url\" content=\"https:\/\/www.dexeus.com\/cloud\/curso\/edad-materna-avanzada\/\" \/>\n<meta property=\"og:site_name\" content=\"Dexeus Cloud\" \/>\n<meta property=\"article:publisher\" content=\"https:\/\/www.facebook.com\/dexeusmujer\" \/>\n<meta property=\"article:modified_time\" content=\"2025-09-02T14:48:41+00:00\" \/>\n<meta property=\"og:image\" content=\"https:\/\/www.dexeus.com\/cloud\/wp-content\/uploads\/2023\/12\/cuarentena-bebe-recien-nacido-1000x640-1.jpg\" \/>\n\t<meta property=\"og:image:width\" content=\"1000\" \/>\n\t<meta property=\"og:image:height\" content=\"640\" \/>\n\t<meta property=\"og:image:type\" content=\"image\/jpeg\" \/>\n<meta name=\"twitter:card\" content=\"summary_large_image\" \/>\n<meta name=\"twitter:site\" content=\"@dexeusmujer\" \/>\n<meta name=\"twitter:label1\" content=\"Est. reading time\" \/>\n\t<meta name=\"twitter:data1\" content=\"2 minutos\" \/>\n<script type=\"application\/ld+json\" class=\"yoast-schema-graph\">{\"@context\":\"https:\/\/schema.org\",\"@graph\":[{\"@type\":\"WebPage\",\"@id\":\"https:\/\/www.dexeus.com\/cloud\/curso\/edad-materna-avanzada\/\",\"url\":\"https:\/\/www.dexeus.com\/cloud\/curso\/edad-materna-avanzada\/\",\"name\":\"Edad Materna Avanzada - Dexeus Cloud\",\"isPartOf\":{\"@id\":\"https:\/\/www.dexeus.com\/cloud\/#website\"},\"datePublished\":\"2024-01-16T15:14:16+00:00\",\"dateModified\":\"2025-09-02T14:48:41+00:00\",\"breadcrumb\":{\"@id\":\"https:\/\/www.dexeus.com\/cloud\/curso\/edad-materna-avanzada\/#breadcrumb\"},\"inLanguage\":\"es\",\"potentialAction\":[{\"@type\":\"ReadAction\",\"target\":[\"https:\/\/www.dexeus.com\/cloud\/curso\/edad-materna-avanzada\/\"]}]},{\"@type\":\"BreadcrumbList\",\"@id\":\"https:\/\/www.dexeus.com\/cloud\/curso\/edad-materna-avanzada\/#breadcrumb\",\"itemListElement\":[{\"@type\":\"ListItem\",\"position\":1,\"name\":\"Home\",\"item\":\"https:\/\/www.dexeus.com\/cloud\/\"},{\"@type\":\"ListItem\",\"position\":2,\"name\":\"Portafolio\",\"item\":\"https:\/\/www.dexeus.com\/cloud\/curso\/\"},{\"@type\":\"ListItem\",\"position\":3,\"name\":\"Edad Materna Avanzada\"}]},{\"@type\":\"WebSite\",\"@id\":\"https:\/\/www.dexeus.com\/cloud\/#website\",\"url\":\"https:\/\/www.dexeus.com\/cloud\/\",\"name\":\"Dexeus Cloud\",\"description\":\"Una nube de informaci\u00f3n donde encontrar\u00e1s contenido \u00fatil y de calidad con v\u00eddeos y cursos para que vivas y afrontes de la mejor manera todos y cada uno de los momentos de tu vida.\",\"publisher\":{\"@id\":\"https:\/\/www.dexeus.com\/cloud\/#organization\"},\"potentialAction\":[{\"@type\":\"SearchAction\",\"target\":{\"@type\":\"EntryPoint\",\"urlTemplate\":\"https:\/\/www.dexeus.com\/cloud\/?s={search_term_string}\"},\"query-input\":\"required name=search_term_string\"}],\"inLanguage\":\"es\"},{\"@type\":\"Organization\",\"@id\":\"https:\/\/www.dexeus.com\/cloud\/#organization\",\"name\":\"Dexeus Mujer\",\"url\":\"https:\/\/www.dexeus.com\/cloud\/\",\"logo\":{\"@type\":\"ImageObject\",\"inLanguage\":\"es\",\"@id\":\"https:\/\/www.dexeus.com\/cloud\/#\/schema\/logo\/image\/\",\"url\":\"https:\/\/www.dexeus.com\/cloud\/wp-content\/uploads\/2019\/04\/logo-dexeus-cloud.png\",\"contentUrl\":\"https:\/\/www.dexeus.com\/cloud\/wp-content\/uploads\/2019\/04\/logo-dexeus-cloud.png\",\"width\":104,\"height\":70,\"caption\":\"Dexeus Mujer\"},\"image\":{\"@id\":\"https:\/\/www.dexeus.com\/cloud\/#\/schema\/logo\/image\/\"},\"sameAs\":[\"https:\/\/www.facebook.com\/dexeusmujer\",\"https:\/\/twitter.com\/dexeusmujer\",\"https:\/\/www.youtube.com\/user\/DexeusMujer\",\"https:\/\/www.instagram.com\/dexeusmujer\/\"]}]}<\/script>\n<!-- \/ Yoast SEO plugin. -->","yoast_head_json":{"title":"Edad Materna Avanzada - Dexeus Cloud","robots":{"index":"noindex","follow":"follow"},"og_locale":"es_ES","og_type":"article","og_title":"Edad Materna Avanzada - Dexeus Cloud","og_description":"El retraso de la maternidad es un fen\u00f3meno multifactorial relacionado sobre todo con el acceso universal a una contracepci\u00f3n eficaz, el nivel educacional y la incorporaci\u00f3n de la mujer al mundo laboral.","og_url":"https:\/\/www.dexeus.com\/cloud\/curso\/edad-materna-avanzada\/","og_site_name":"Dexeus Cloud","article_publisher":"https:\/\/www.facebook.com\/dexeusmujer","article_modified_time":"2025-09-02T14:48:41+00:00","og_image":[{"width":1000,"height":640,"url":"https:\/\/www.dexeus.com\/cloud\/wp-content\/uploads\/2023\/12\/cuarentena-bebe-recien-nacido-1000x640-1.jpg","type":"image\/jpeg"}],"twitter_card":"summary_large_image","twitter_site":"@dexeusmujer","twitter_misc":{"Est. reading time":"2 minutos"},"schema":{"@context":"https:\/\/schema.org","@graph":[{"@type":"WebPage","@id":"https:\/\/www.dexeus.com\/cloud\/curso\/edad-materna-avanzada\/","url":"https:\/\/www.dexeus.com\/cloud\/curso\/edad-materna-avanzada\/","name":"Edad Materna Avanzada - Dexeus Cloud","isPartOf":{"@id":"https:\/\/www.dexeus.com\/cloud\/#website"},"datePublished":"2024-01-16T15:14:16+00:00","dateModified":"2025-09-02T14:48:41+00:00","breadcrumb":{"@id":"https:\/\/www.dexeus.com\/cloud\/curso\/edad-materna-avanzada\/#breadcrumb"},"inLanguage":"es","potentialAction":[{"@type":"ReadAction","target":["https:\/\/www.dexeus.com\/cloud\/curso\/edad-materna-avanzada\/"]}]},{"@type":"BreadcrumbList","@id":"https:\/\/www.dexeus.com\/cloud\/curso\/edad-materna-avanzada\/#breadcrumb","itemListElement":[{"@type":"ListItem","position":1,"name":"Home","item":"https:\/\/www.dexeus.com\/cloud\/"},{"@type":"ListItem","position":2,"name":"Portafolio","item":"https:\/\/www.dexeus.com\/cloud\/curso\/"},{"@type":"ListItem","position":3,"name":"Edad Materna Avanzada"}]},{"@type":"WebSite","@id":"https:\/\/www.dexeus.com\/cloud\/#website","url":"https:\/\/www.dexeus.com\/cloud\/","name":"Dexeus Cloud","description":"Una nube de informaci\u00f3n donde encontrar\u00e1s contenido \u00fatil y de calidad con v\u00eddeos y cursos para que vivas y afrontes de la mejor manera todos y cada uno de los momentos de tu vida.","publisher":{"@id":"https:\/\/www.dexeus.com\/cloud\/#organization"},"potentialAction":[{"@type":"SearchAction","target":{"@type":"EntryPoint","urlTemplate":"https:\/\/www.dexeus.com\/cloud\/?s={search_term_string}"},"query-input":"required name=search_term_string"}],"inLanguage":"es"},{"@type":"Organization","@id":"https:\/\/www.dexeus.com\/cloud\/#organization","name":"Dexeus Mujer","url":"https:\/\/www.dexeus.com\/cloud\/","logo":{"@type":"ImageObject","inLanguage":"es","@id":"https:\/\/www.dexeus.com\/cloud\/#\/schema\/logo\/image\/","url":"https:\/\/www.dexeus.com\/cloud\/wp-content\/uploads\/2019\/04\/logo-dexeus-cloud.png","contentUrl":"https:\/\/www.dexeus.com\/cloud\/wp-content\/uploads\/2019\/04\/logo-dexeus-cloud.png","width":104,"height":70,"caption":"Dexeus Mujer"},"image":{"@id":"https:\/\/www.dexeus.com\/cloud\/#\/schema\/logo\/image\/"},"sameAs":["https:\/\/www.facebook.com\/dexeusmujer","https:\/\/twitter.com\/dexeusmujer","https:\/\/www.youtube.com\/user\/DexeusMujer","https:\/\/www.instagram.com\/dexeusmujer\/"]}]}},"_links":{"self":[{"href":"https:\/\/www.dexeus.com\/cloud\/wp-json\/wp\/v2\/dt_portfolio\/14631"}],"collection":[{"href":"https:\/\/www.dexeus.com\/cloud\/wp-json\/wp\/v2\/dt_portfolio"}],"about":[{"href":"https:\/\/www.dexeus.com\/cloud\/wp-json\/wp\/v2\/types\/dt_portfolio"}],"author":[{"embeddable":true,"href":"https:\/\/www.dexeus.com\/cloud\/wp-json\/wp\/v2\/users\/1"}],"replies":[{"embeddable":true,"href":"https:\/\/www.dexeus.com\/cloud\/wp-json\/wp\/v2\/comments?post=14631"}],"version-history":[{"count":4,"href":"https:\/\/www.dexeus.com\/cloud\/wp-json\/wp\/v2\/dt_portfolio\/14631\/revisions"}],"predecessor-version":[{"id":14897,"href":"https:\/\/www.dexeus.com\/cloud\/wp-json\/wp\/v2\/dt_portfolio\/14631\/revisions\/14897"}],"wp:featuredmedia":[{"embeddable":true,"href":"https:\/\/www.dexeus.com\/cloud\/wp-json\/wp\/v2\/media\/14328"}],"wp:attachment":[{"href":"https:\/\/www.dexeus.com\/cloud\/wp-json\/wp\/v2\/media?parent=14631"}],"wp:term":[{"taxonomy":"dt_portfolio_category","embeddable":true,"href":"https:\/\/www.dexeus.com\/cloud\/wp-json\/wp\/v2\/dt_portfolio_category?post=14631"},{"taxonomy":"dt_portfolio_tags","embeddable":true,"href":"https:\/\/www.dexeus.com\/cloud\/wp-json\/wp\/v2\/dt_portfolio_tags?post=14631"}],"curies":[{"name":"wp","href":"https:\/\/api.w.org\/{rel}","templated":true}]}}

<p>[vc_row full_width=»stretch_row» full_height=»yes» content_placement=»top» css=».vc_custom_1558094854057{padding-top: 3% !important;}»][vc_column][vc_column_text]<strong>Edad Materna Avanzada</strong>[/vc_column_text][vc_raw_html]JTNDaWZyYW1lJTIwd2lkdGglM0QlMjIxMDAlMjUlMjIlMjBoZWlnaHQlM0QlMjI2MjIlMjIlMjBzcmMlM0QlMjJodHRwcyUzQSUyRiUyRnd3dy55b3V0dWJlLmNvbSUyRmVtYmVkJTJGZ2xmdVZ4ZEZkdFklM0ZzaSUzREI1SzRDeVRNWGtBbS1YSjIlMjIlMjB0aXRsZSUzRCUyMllvdVR1YmUlMjB2aWRlbyUyMHBsYXllciUyMiUyMGZyYW1lYm9yZGVyJTNEJTIyMCUyMiUyMGFsbG93JTNEJTIyYWNjZWxlcm9tZXRlciUzQiUyMGF1dG9wbGF5JTNCJTIwY2xpcGJvYXJkLXdyaXRlJTNCJTIwZW5jcnlwdGVkLW1lZGlhJTNCJTIwZ3lyb3Njb3BlJTNCJTIwcGljdHVyZS1pbi1waWN0dXJlJTNCJTIwd2ViLXNoYXJlJTIyJTIwYWxsb3dmdWxsc2NyZWVuJTNFJTNDJTJGaWZyYW1lJTNF[/vc_raw_html][vc_column_text]¿Sabías que en España la edad media del primer hijo es casi 33 años?</p>
<p>El retraso de la maternidad es un fenómeno multifactorial relacionado sobre todo con el acceso universal a una contracepción eficaz, el nivel educacional y la incorporación de la mujer al mundo laboral, así como el no disponer de una pareja adecuada.</p>
<p>El problema es que la edad tiene un <strong>impacto negativo en la fertilidad</strong>, sobre todo en la mujer:</p>
<p>El ovario humano adquiere su cuota total de ovocitos en la semana 20 de gestación (6-7 millones) y, desde entonces, desde antes de nacer, empezamos a perder reserva ovárica sin capacidad de generar ovocitos nuevos. Esta pérdida es muy gradual los primeros años de vida, pero<strong> a partir de los 35 años el ritmo de pérdida se acelera de forma significativa</strong>. En paralelo al descenso cuantitativo, se produce una pérdida de la calidad, relacionada sobre todo con la competencia genética del ovocito. La edad media del último hijo en poblaciones que no se protegen con medidas contraceptivas es 40-41 años y esto sigue un patrón universal. A esta edad, la probabilidad mensual de tener un hijo de forma natural es de un 6%.</p>
<p>Pues bien, todo esto explica el auge de las <a href="https://www.dexeus.com/fertility/tratamientos/" target="_blank" rel="noopener">técnicas de reproducción asistida en mujeres de edad avanzada</a>, el problema es que la FIV, a partir de cierta edad, tiene una eficacia limitada. A partir de los 38 años solemos recomendar pasar ya a FIV y a esta edad tenemos casi un 30% de probabilidad acumulada de tener un hijo. Cuando planteamos hacer una FIV en mujeres de edad avanzada, en general recomendamos hacer un cribado de aneuploidías en los embriones, con el fin de evitar transferir en el útero embriones con alteraciones cromosómicas.</p>
<p>Una estrategia en auge a modo de prevención es la preservación electiva de la fertilidad, es decir, <a href="https://www.dexeus.com/cloud/curso/preservacion-fertilidad/">congelar óvulos cuando se es joven</a> si no hay plan de maternidad a corto plazo, de esto hablaremos en otro vídeo.[/vc_column_text][/vc_column][/vc_row][vc_row][vc_column][/vc_column][/vc_row]</p>

<p>El retraso de la maternidad es un fenómeno multifactorial relacionado sobre todo con el acceso universal a una contracepción eficaz, el nivel educacional y la incorporación de la mujer al mundo laboral.</p>

<!-- This site is optimized with the Yoast SEO plugin v20.1 - https://yoast.com/wordpress/plugins/seo/ -->
<title>Edad Materna Avanzada - Dexeus Cloud</title>
<meta name="robots" content="noindex, follow" />
<meta property="og:locale" content="es_ES" />
<meta property="og:type" content="article" />
<meta property="og:title" content="Edad Materna Avanzada - Dexeus Cloud" />
<meta property="og:description" content="El retraso de la maternidad es un fenómeno multifactorial relacionado sobre todo con el acceso universal a una contracepción eficaz, el nivel educacional y la incorporación de la mujer al mundo laboral." />
<meta property="og:url" content="https://www.dexeus.com/cloud/curso/edad-materna-avanzada/" />
<meta property="og:site_name" content="Dexeus Cloud" />
<meta property="article:publisher" content="https://www.facebook.com/dexeusmujer" />
<meta property="article:modified_time" content="2025-09-02T14:48:41+00:00" />
<meta property="og:image" content="https://www.dexeus.com/cloud/wp-content/uploads/2023/12/cuarentena-bebe-recien-nacido-1000x640-1.jpg" />
	<meta property="og:image:width" content="1000" />
	<meta property="og:image:height" content="640" />
	<meta property="og:image:type" content="image/jpeg" />
<meta name="twitter:card" content="summary_large_image" />
<meta name="twitter:site" content="@dexeusmujer" />
<meta name="twitter:label1" content="Est. reading time" />
	<meta name="twitter:data1" content="2 minutos" />
<script type="application/ld+json" class="yoast-schema-graph">{"@context":"https://schema.org","@graph":[{"@type":"WebPage","@id":"https://www.dexeus.com/cloud/curso/edad-materna-avanzada/","url":"https://www.dexeus.com/cloud/curso/edad-materna-avanzada/","name":"Edad Materna Avanzada - Dexeus Cloud","isPartOf":{"@id":"https://www.dexeus.com/cloud/#website"},"datePublished":"2024-01-16T15:14:16+00:00","dateModified":"2025-09-02T14:48:41+00:00","breadcrumb":{"@id":"https://www.dexeus.com/cloud/curso/edad-materna-avanzada/#breadcrumb"},"inLanguage":"es","potentialAction":[{"@type":"ReadAction","target":["https://www.dexeus.com/cloud/curso/edad-materna-avanzada/"]}]},{"@type":"BreadcrumbList","@id":"https://www.dexeus.com/cloud/curso/edad-materna-avanzada/#breadcrumb","itemListElement":[{"@type":"ListItem","position":1,"name":"Home","item":"https://www.dexeus.com/cloud/"},{"@type":"ListItem","position":2,"name":"Portafolio","item":"https://www.dexeus.com/cloud/curso/"},{"@type":"ListItem","position":3,"name":"Edad Materna Avanzada"}]},{"@type":"WebSite","@id":"https://www.dexeus.com/cloud/#website","url":"https://www.dexeus.com/cloud/","name":"Dexeus Cloud","description":"Una nube de información donde encontrarás contenido útil y de calidad con vídeos y cursos para que vivas y afrontes de la mejor manera todos y cada uno de los momentos de tu vida.","publisher":{"@id":"https://www.dexeus.com/cloud/#organization"},"potentialAction":[{"@type":"SearchAction","target":{"@type":"EntryPoint","urlTemplate":"https://www.dexeus.com/cloud/?s={search_term_string}"},"query-input":"required name=search_term_string"}],"inLanguage":"es"},{"@type":"Organization","@id":"https://www.dexeus.com/cloud/#organization","name":"Dexeus Mujer","url":"https://www.dexeus.com/cloud/","logo":{"@type":"ImageObject","inLanguage":"es","@id":"https://www.dexeus.com/cloud/#/schema/logo/image/","url":"https://www.dexeus.com/cloud/wp-content/uploads/2019/04/logo-dexeus-cloud.png","contentUrl":"https://www.dexeus.com/cloud/wp-content/uploads/2019/04/logo-dexeus-cloud.png","width":104,"height":70,"caption":"Dexeus Mujer"},"image":{"@id":"https://www.dexeus.com/cloud/#/schema/logo/image/"},"sameAs":["https://www.facebook.com/dexeusmujer","https://twitter.com/dexeusmujer","https://www.youtube.com/user/DexeusMujer","https://www.instagram.com/dexeusmujer/"]}]}</script>
<!-- / Yoast SEO plugin. -->

El retraso de la maternidad es un fenómeno multifactorial relacionado sobre todo con el acceso universal a una contracepción eficaz, el nivel educacional y la incorporación de la mujer al mundo laboral.

Una nube de información donde encontrarás contenido útil y de calidad con vídeos y cursos para que vivas y afrontes de la mejor manera todos y cada uno de los momentos de tu vida.
