{"id":12,"date":"2016-02-25T15:37:36","date_gmt":"2016-02-25T15:37:36","guid":{"rendered":"https:\/\/the7.io\/product\/?page_id=4"},"modified":"2024-06-10T17:41:03","modified_gmt":"2024-06-10T15:41:03","slug":"landing","status":"publish","type":"page","link":"https:\/\/www.dexeus.com\/cloud\/","title":{"rendered":"Inicio"},"content":{"rendered":"<p>[vc_row el_class=\u00bbocultarmovil\u00bb][vc_column width=\u00bb1\/2&#8243; css=\u00bb.vc_custom_1555493505738{padding-right: 10px !important;padding-left: 100px !important;}\u00bb offset=\u00bbvc_hidden-md vc_hidden-sm vc_hidden-xs\u00bb][vc_empty_space height=\u00bb76px\u00bb][vc_column_text]<\/p>\n<h1 style=\"color: #0188cc;\">Dexeus Cloud<\/h1>\n<p>[\/vc_column_text][vc_column_text]<\/p>\n<p style=\"text-align: justify;\">En Dexeus Mujer la salud de la mujer es nuestra prioridad. Queremos acompa\u00f1arte, guiarte y apoyarte durante todas las etapas de tu vida, para que disfrutes al m\u00e1ximo de cada momento. Por eso hemos creado este espacio para ti, una nube de informaci\u00f3n donde encontrar\u00e1s contenido \u00fatil y de calidad con v\u00eddeos y cursos para que vivas y afrontes de la mejor manera todos y cada uno de los momentos de tu vida.<\/p>\n<p>[\/vc_column_text][\/vc_column][vc_column width=\u00bb1\/2&#8243; offset=\u00bbvc_hidden-md vc_hidden-sm vc_hidden-xs\u00bb][vc_raw_html]JTNDaWZyYW1lJTIwc3JjJTNEJTIyaHR0cHMlM0ElMkYlMkZwbGF5ZXIudmltZW8uY29tJTJGdmlkZW8lMkYzMzUwOTY4NjElM0ZhdXRvcGxheSUzRDElMjZsb29wJTNEMSUyNmF1dG9wYXVzZSUzRDAlMjIlMjB3aWR0aCUzRCUyMjEwMCUyNSUyMiUyMGhlaWdodCUzRCUyMjU0MCUyMiUyMGZyYW1lYm9yZGVyJTNEJTIyMCUyMiUyMGFsbG93JTNEJTIyYXV0b3BsYXklM0IlMjBmdWxsc2NyZWVuJTIyJTIwYWxsb3dmdWxsc2NyZWVuJTNFJTNDJTJGaWZyYW1lJTNFJTBB[\/vc_raw_html][\/vc_column][\/vc_row][vc_row][vc_column][vc_column_text]<\/p>\n<h2 style=\"color: #0188cc;\">Contenidos destacados<\/h2>\n<p>[\/vc_column_text][\/vc_column][\/vc_row][vc_row][vc_column width=\u00bb1\/2&#8243;][vc_single_image image=\u00bb1399&#8243; img_size=\u00bbfull\u00bb alignment=\u00bbcenter\u00bb onclick=\u00bbcustom_link\u00bb link=\u00bbhttps:\/\/www.dexeus.com\/cloud\/cursos\/curso-mums-cool\/\u00bb][vc_column_text]<\/p>\n<h4 style=\"text-align: center;\">Mum&#8217;s Cool<\/h4>\n<p style=\"text-align: center;\">\u00a1Bienvenida a esta etapa tan especial de tu vida! Esperamos que la disfrutes y la vivas con mucha ilusi\u00f3n. En este curso queremos acompa\u00f1arte desde el inicio de tu embarazo hasta el postparto y la lactancia, para resolver todas las dudas que puedas tener en esta etapa tan bonita. \u00bfTe apuntas?<\/p>\n<p>[\/vc_column_text][vc_btn title=\u00bbSaber m\u00e1s\u00bb style=\u00bbcustom\u00bb custom_background=\u00bb#289ad4&#8243; custom_text=\u00bb#ffffff\u00bb size=\u00bblg\u00bb align=\u00bbcenter\u00bb link=\u00bburl:https%3A%2F%2Fwww.dexeus.com%2Fcloud%2Fcursos%2Fcurso-mums-cool%2F|||\u00bb][\/vc_column][vc_column width=\u00bb1\/2&#8243;][vc_single_image image=\u00bb1059&#8243; img_size=\u00bbfull\u00bb alignment=\u00bbcenter\u00bb][vc_column_text]<\/p>\n<h4 style=\"text-align: center;\">Menopausia<\/h4>\n<p style=\"text-align: center;\">\u00bfSufres sofocos, cambios de humor, sequedad vaginal\u2026? Son algunos de los s\u00edntomas que se pueden presentar en la menopausia. En estos v\u00eddeos, nuestros expertos en ginecolog\u00eda, nutrici\u00f3n, psicolog\u00eda y sexualidad te contar\u00e1n todo lo que necesitas saber para afrontar esta etapa de la mejor manera posible.<\/p>\n<p>[\/vc_column_text][vc_btn title=\u00bbVer v\u00eddeos\u00bb style=\u00bbcustom\u00bb custom_background=\u00bb#289ad4&#8243; custom_text=\u00bb#ffffff\u00bb size=\u00bblg\u00bb align=\u00bbcenter\u00bb link=\u00bburl:https%3A%2F%2Fwww.dexeus.com%2Fcloud%2Fcursos%2Fmenopausia%2F\u00bb][\/vc_column][vc_column][\/vc_column][\/vc_row][vc_row][vc_column][vc_empty_space height=\u00bb80px\u00bb][\/vc_column][\/vc_row][vc_row full_width=\u00bbstretch_row_content_no_spaces\u00bb equal_height=\u00bbyes\u00bb content_placement=\u00bbmiddle\u00bb][vc_column width=\u00bb1\/2&#8243; offset=\u00bbvc_hidden-md vc_hidden-sm vc_hidden-xs\u00bb]<div class=\"ult-spacer spacer-6a0706697fcc8\" data-id=\"6a0706697fcc8\" data-height=\"19\" data-height-mobile=\"0\" data-height-tab=\"0\" data-height-tab-portrait=\"0\" data-height-mobile-landscape=\"0\" style=\"clear:both;display:block;\"><\/div>[vc_single_image image=\u00bb1051&#8243; img_size=\u00bblarge\u00bb alignment=\u00bbcenter\u00bb][\/vc_column][vc_column width=\u00bb1\/2&#8243; offset=\u00bbvc_hidden-md vc_hidden-sm vc_hidden-xs\u00bb][vc_column_text]<\/p>\n<h2 style=\"color: #0188cc;\">Por qu\u00e9 Dexeus Cloud<\/h2>\n<p>[\/vc_column_text]<div class=\"aio-icon-component  vc_custom_1554880068730   style_1\"><div id=\"Info-box-wrap-7247\" class=\"aio-icon-box left-icon\" style=\"\"  ><div class=\"aio-icon-left\"><div class=\"ult-just-icon-wrapper  \"><div class=\"align-icon\" style=\"text-align:center;\">\n<div class=\"aio-icon-img \" style=\"font-size:48px;background:rgba(255,255,255,0.01);display:inline-block;\" >\n\t<img class=\"img-icon\" alt=\"null\" src=\"https:\/\/www.dexeus.com\/cloud\/wp-content\/uploads\/2019\/04\/unnamed-1.png\"\/>\n<\/div><\/div><\/div><\/div><div class=\"aio-ibd-block\"><div class=\"aio-icon-header\" ><h3 class=\"aio-icon-title ult-responsive\"  data-ultimate-target='#Info-box-wrap-7247 .aio-icon-title'  data-responsive-json-new='{\"font-size\":\"desktop:20px;\",\"line-height\":\"desktop:26px;\"}'  style=\"font-family:&#039;Open Sans&#039;;font-weight:normal;font-style:normal;\">Aprende a tu ritmo<\/h3><\/div> <!-- header --><div class=\"aio-icon-description ult-responsive\"  data-ultimate-target='#Info-box-wrap-7247 .aio-icon-description'  data-responsive-json-new='{\"font-size\":\"\",\"line-height\":\"\"}'  style=\"\">Disfruta de los cursos desde casa, las 24h, sin horarios. T\u00fa marcas tu propia agenda.<\/div> <!-- description --><\/div> <!-- aio-ibd-block --><\/div> <!-- aio-icon-box --><\/div> <!-- aio-icon-component -->[vc_empty_space height=\u00bb30px\u00bb]<div class=\"aio-icon-component  vc_custom_1554880087738   style_1\"><div id=\"Info-box-wrap-2379\" class=\"aio-icon-box left-icon\" style=\"\"  ><div class=\"aio-icon-left\"><div class=\"ult-just-icon-wrapper  \"><div class=\"align-icon\" style=\"text-align:center;\">\n<div class=\"aio-icon-img \" style=\"font-size:48px;background:rgba(255,255,255,0.01);display:inline-block;\" >\n\t<img class=\"img-icon\" alt=\"null\" src=\"https:\/\/www.dexeus.com\/cloud\/wp-content\/uploads\/2019\/04\/unnamed-1-1.png\"\/>\n<\/div><\/div><\/div><\/div><div class=\"aio-ibd-block\"><div class=\"aio-icon-header\" ><h3 class=\"aio-icon-title ult-responsive\"  data-ultimate-target='#Info-box-wrap-2379 .aio-icon-title'  data-responsive-json-new='{\"font-size\":\"desktop:20px;\",\"line-height\":\"desktop:26px;\"}'  style=\"font-family:&#039;Open Sans&#039;;font-weight:normal;font-style:normal;\">Con los mejores profesionales<\/h3><\/div> <!-- header --><div class=\"aio-icon-description ult-responsive\"  data-ultimate-target='#Info-box-wrap-2379 .aio-icon-description'  data-responsive-json-new='{\"font-size\":\"\",\"line-height\":\"\"}'  style=\"\">M\u00e1s de 80 a\u00f1os cuidando de la salud de nuestras pacientes con prestigiosos especialistas en todas las \u00e1reas (ginec\u00f3logo, radi\u00f3logos, bi\u00f3logos&#8230;)<\/div> <!-- description --><\/div> <!-- aio-ibd-block --><\/div> <!-- aio-icon-box --><\/div> <!-- aio-icon-component -->[vc_empty_space height=\u00bb30px\u00bb]<div class=\"aio-icon-component  vc_custom_1554880113067   style_1\"><div id=\"Info-box-wrap-9108\" class=\"aio-icon-box left-icon\" style=\"\"  ><div class=\"aio-icon-left\"><div class=\"ult-just-icon-wrapper  \"><div class=\"align-icon\" style=\"text-align:center;\">\n<div class=\"aio-icon-img \" style=\"font-size:48px;background:rgba(255,255,255,0.01);display:inline-block;\" >\n\t<img class=\"img-icon\" alt=\"null\" src=\"https:\/\/www.dexeus.com\/cloud\/wp-content\/uploads\/2019\/04\/unnamed-4.png\"\/>\n<\/div><\/div><\/div><\/div><div class=\"aio-ibd-block\"><div class=\"aio-icon-header\" ><h3 class=\"aio-icon-title ult-responsive\"  data-ultimate-target='#Info-box-wrap-9108 .aio-icon-title'  data-responsive-json-new='{\"font-size\":\"desktop:20px;\",\"line-height\":\"desktop:26px;\"}'  style=\"font-family:&#039;Open Sans&#039;;font-weight:normal;font-style:normal;\">Pioneros en salud ginecol\u00f3gica<\/h3><\/div> <!-- header --><div class=\"aio-icon-description ult-responsive\"  data-ultimate-target='#Info-box-wrap-9108 .aio-icon-description'  data-responsive-json-new='{\"font-size\":\"\",\"line-height\":\"\"}'  style=\"\">Somos pioneros en t\u00e9cnicas de reproducci\u00f3n asistida, diagn\u00f3stico prenatal, tratamiento fetal y tratamiento de patolog\u00edas<\/div> <!-- description --><\/div> <!-- aio-ibd-block --><\/div> <!-- aio-icon-box --><\/div> <!-- aio-icon-component -->[vc_empty_space height=\u00bb30px\u00bb]<div class=\"aio-icon-component  vc_custom_1554880126473   style_1\"><div id=\"Info-box-wrap-5887\" class=\"aio-icon-box left-icon\" style=\"\"  ><div class=\"aio-icon-left\"><div class=\"ult-just-icon-wrapper  \"><div class=\"align-icon\" style=\"text-align:center;\">\n<div class=\"aio-icon-img \" style=\"font-size:48px;background:rgba(255,255,255,0.01);display:inline-block;\" >\n\t<img class=\"img-icon\" alt=\"null\" src=\"https:\/\/www.dexeus.com\/cloud\/wp-content\/uploads\/2019\/04\/unnamed-3.png\"\/>\n<\/div><\/div><\/div><\/div><div class=\"aio-ibd-block\"><div class=\"aio-icon-header\" ><h3 class=\"aio-icon-title ult-responsive\"  data-ultimate-target='#Info-box-wrap-5887 .aio-icon-title'  data-responsive-json-new='{\"font-size\":\"desktop:20px;\",\"line-height\":\"desktop:26px;\"}'  style=\"font-family:&#039;Open Sans&#039;;font-weight:normal;font-style:normal;\">Centro de referencia<\/h3><\/div> <!-- header --><div class=\"aio-icon-description ult-responsive\"  data-ultimate-target='#Info-box-wrap-5887 .aio-icon-description'  data-responsive-json-new='{\"font-size\":\"\",\"line-height\":\"\"}'  style=\"\">Contamos con los \u00faltimos avances tecnol\u00f3gicos y somos pioneros en la prevenci\u00f3n, diagnosis y tratamientos en salud de la mujer<\/div> <!-- description --><\/div> <!-- aio-ibd-block --><\/div> <!-- aio-icon-box --><\/div> <!-- aio-icon-component --><div class=\"ult-spacer spacer-6a07066980ed7\" data-id=\"6a07066980ed7\" data-height=\"50\" data-height-mobile=\"60\" data-height-tab=\"50\" data-height-tab-portrait=\"60\" data-height-mobile-landscape=\"60\" style=\"clear:both;display:block;\"><\/div>[\/vc_column][\/vc_row][vc_row bg_type=\u00bbimage\u00bb bg_override=\u00bbfull\u00bb ult_hide_row=\u00bbult_hide_row_value\u00bb ult_hide_row_large_screen=\u00bblarge_screen\u00bb ult_hide_row_desktop=\u00bbdesktop\u00bb css=\u00bb.vc_custom_1559229841263{background-image: url(https:\/\/www.dexeus.com\/cloud\/wp-content\/uploads\/revslider\/the7-hero-image-product\/slider-9.jpg?id=1041) !important;}\u00bb][vc_column offset=\u00bbvc_hidden-lg\u00bb][vc_column_text css=\u00bb.vc_custom_1559229793945{padding-top: 10% !important;padding-bottom: 10% !important;}\u00bb]<\/p>\n<h1 style=\"color: #ffffff;\">Bienvenida a Dexeus Mujer<\/h1>\n<p style=\"color: #ffffff;\">Un espacio donde encontrar\u00e1s toda la informaci\u00f3n que necesitas para cuidar de tu salud en todas las etapas de tu vida.<\/p>\n<p>[\/vc_column_text][\/vc_column][\/vc_row]<\/p>\n","protected":false},"excerpt":{"rendered":"<p>[vc_row el_class=\u00bbocultarmovil\u00bb][vc_column width=\u00bb1\/2&#8243; css=\u00bb.vc_custom_1555493505738{padding-right: 10px !important;padding-left: 100px !important;}\u00bb offset=\u00bbvc_hidden-md vc_hidden-sm vc_hidden-xs\u00bb][vc_empty_space height=\u00bb76px\u00bb][vc_column_text] Dexeus Cloud [\/vc_column_text][vc_column_text] En Dexeus Mujer la salud de la mujer es nuestra prioridad. Queremos acompa\u00f1arte, guiarte y apoyarte durante todas las etapas de tu vida, para que disfrutes al m\u00e1ximo de cada momento. Por eso hemos creado este espacio para ti, una&hellip;<\/p>\n","protected":false},"author":1,"featured_media":0,"parent":0,"menu_order":0,"comment_status":"closed","ping_status":"closed","template":"","meta":[],"yoast_head":"<!-- This site is optimized with the Yoast SEO plugin v20.1 - https:\/\/yoast.com\/wordpress\/plugins\/seo\/ -->\n<title>Toda la informaci\u00f3n que necesitas en la nube<\/title>\n<meta name=\"description\" content=\"En Dexeus Mujer queremos acompa\u00f1arte, guiarte y apoyarte durante todas las etapas de tu vida. Por eso hemos creado este espacio para ti, una nube de informaci\u00f3n donde encontrar\u00e1s contenido \u00fatil y de calidad con v\u00eddeos y cursos para que vivas y afrontes de la mejor manera todos y cada uno de los momentos de tu vida.\" \/>\n<meta name=\"robots\" content=\"index, follow, max-snippet:-1, max-image-preview:large, max-video-preview:-1\" \/>\n<link rel=\"canonical\" href=\"https:\/\/www.dexeus.com\/cloud\/\" \/>\n<meta property=\"og:locale\" content=\"es_ES\" \/>\n<meta property=\"og:type\" content=\"article\" \/>\n<meta property=\"og:title\" content=\"Toda la informaci\u00f3n que necesitas en la nube\" \/>\n<meta property=\"og:description\" content=\"En Dexeus Mujer queremos acompa\u00f1arte, guiarte y apoyarte durante todas las etapas de tu vida. Por eso hemos creado este espacio para ti, una nube de informaci\u00f3n donde encontrar\u00e1s contenido \u00fatil y de calidad con v\u00eddeos y cursos para que vivas y afrontes de la mejor manera todos y cada uno de los momentos de tu vida.\" \/>\n<meta property=\"og:url\" content=\"https:\/\/www.dexeus.com\/cloud\/\" \/>\n<meta property=\"og:site_name\" content=\"Dexeus Cloud\" \/>\n<meta property=\"article:publisher\" content=\"https:\/\/www.facebook.com\/dexeusmujer\" \/>\n<meta property=\"article:modified_time\" content=\"2024-06-10T15:41:03+00:00\" \/>\n<meta name=\"twitter:card\" content=\"summary_large_image\" \/>\n<meta name=\"twitter:site\" content=\"@dexeusmujer\" \/>\n<meta name=\"twitter:label1\" content=\"Est. reading time\" \/>\n\t<meta name=\"twitter:data1\" content=\"3 minutos\" \/>\n<script type=\"application\/ld+json\" class=\"yoast-schema-graph\">{\"@context\":\"https:\/\/schema.org\",\"@graph\":[{\"@type\":\"WebPage\",\"@id\":\"https:\/\/www.dexeus.com\/cloud\/\",\"url\":\"https:\/\/www.dexeus.com\/cloud\/\",\"name\":\"Toda la informaci\u00f3n que necesitas en la nube\",\"isPartOf\":{\"@id\":\"https:\/\/www.dexeus.com\/cloud\/#website\"},\"datePublished\":\"2016-02-25T15:37:36+00:00\",\"dateModified\":\"2024-06-10T15:41:03+00:00\",\"description\":\"En Dexeus Mujer queremos acompa\u00f1arte, guiarte y apoyarte durante todas las etapas de tu vida. Por eso hemos creado este espacio para ti, una nube de informaci\u00f3n donde encontrar\u00e1s contenido \u00fatil y de calidad con v\u00eddeos y cursos para que vivas y afrontes de la mejor manera todos y cada uno de los momentos de tu vida.\",\"breadcrumb\":{\"@id\":\"https:\/\/www.dexeus.com\/cloud\/#breadcrumb\"},\"inLanguage\":\"es\",\"potentialAction\":[{\"@type\":\"ReadAction\",\"target\":[\"https:\/\/www.dexeus.com\/cloud\/\"]}]},{\"@type\":\"BreadcrumbList\",\"@id\":\"https:\/\/www.dexeus.com\/cloud\/#breadcrumb\",\"itemListElement\":[{\"@type\":\"ListItem\",\"position\":1,\"name\":\"Home\",\"item\":\"https:\/\/www.dexeus.com\/cloud\/\"},{\"@type\":\"ListItem\",\"position\":2,\"name\":\"Inicio\"}]},{\"@type\":\"WebSite\",\"@id\":\"https:\/\/www.dexeus.com\/cloud\/#website\",\"url\":\"https:\/\/www.dexeus.com\/cloud\/\",\"name\":\"Dexeus Cloud\",\"description\":\"Una nube de informaci\u00f3n donde encontrar\u00e1s contenido \u00fatil y de calidad con v\u00eddeos y cursos para que vivas y afrontes de la mejor manera todos y cada uno de los momentos de tu vida.\",\"publisher\":{\"@id\":\"https:\/\/www.dexeus.com\/cloud\/#organization\"},\"potentialAction\":[{\"@type\":\"SearchAction\",\"target\":{\"@type\":\"EntryPoint\",\"urlTemplate\":\"https:\/\/www.dexeus.com\/cloud\/?s={search_term_string}\"},\"query-input\":\"required name=search_term_string\"}],\"inLanguage\":\"es\"},{\"@type\":\"Organization\",\"@id\":\"https:\/\/www.dexeus.com\/cloud\/#organization\",\"name\":\"Dexeus Mujer\",\"url\":\"https:\/\/www.dexeus.com\/cloud\/\",\"logo\":{\"@type\":\"ImageObject\",\"inLanguage\":\"es\",\"@id\":\"https:\/\/www.dexeus.com\/cloud\/#\/schema\/logo\/image\/\",\"url\":\"https:\/\/www.dexeus.com\/cloud\/wp-content\/uploads\/2019\/04\/logo-dexeus-cloud.png\",\"contentUrl\":\"https:\/\/www.dexeus.com\/cloud\/wp-content\/uploads\/2019\/04\/logo-dexeus-cloud.png\",\"width\":104,\"height\":70,\"caption\":\"Dexeus Mujer\"},\"image\":{\"@id\":\"https:\/\/www.dexeus.com\/cloud\/#\/schema\/logo\/image\/\"},\"sameAs\":[\"https:\/\/www.facebook.com\/dexeusmujer\",\"https:\/\/twitter.com\/dexeusmujer\",\"https:\/\/www.youtube.com\/user\/DexeusMujer\",\"https:\/\/www.instagram.com\/dexeusmujer\/\"]}]}<\/script>\n<!-- \/ Yoast SEO plugin. -->","yoast_head_json":{"title":"Toda la informaci\u00f3n que necesitas en la nube","description":"En Dexeus Mujer queremos acompa\u00f1arte, guiarte y apoyarte durante todas las etapas de tu vida. Por eso hemos creado este espacio para ti, una nube de informaci\u00f3n donde encontrar\u00e1s contenido \u00fatil y de calidad con v\u00eddeos y cursos para que vivas y afrontes de la mejor manera todos y cada uno de los momentos de tu vida.","robots":{"index":"index","follow":"follow","max-snippet":"max-snippet:-1","max-image-preview":"max-image-preview:large","max-video-preview":"max-video-preview:-1"},"canonical":"https:\/\/www.dexeus.com\/cloud\/","og_locale":"es_ES","og_type":"article","og_title":"Toda la informaci\u00f3n que necesitas en la nube","og_description":"En Dexeus Mujer queremos acompa\u00f1arte, guiarte y apoyarte durante todas las etapas de tu vida. Por eso hemos creado este espacio para ti, una nube de informaci\u00f3n donde encontrar\u00e1s contenido \u00fatil y de calidad con v\u00eddeos y cursos para que vivas y afrontes de la mejor manera todos y cada uno de los momentos de tu vida.","og_url":"https:\/\/www.dexeus.com\/cloud\/","og_site_name":"Dexeus Cloud","article_publisher":"https:\/\/www.facebook.com\/dexeusmujer","article_modified_time":"2024-06-10T15:41:03+00:00","twitter_card":"summary_large_image","twitter_site":"@dexeusmujer","twitter_misc":{"Est. reading time":"3 minutos"},"schema":{"@context":"https:\/\/schema.org","@graph":[{"@type":"WebPage","@id":"https:\/\/www.dexeus.com\/cloud\/","url":"https:\/\/www.dexeus.com\/cloud\/","name":"Toda la informaci\u00f3n que necesitas en la nube","isPartOf":{"@id":"https:\/\/www.dexeus.com\/cloud\/#website"},"datePublished":"2016-02-25T15:37:36+00:00","dateModified":"2024-06-10T15:41:03+00:00","description":"En Dexeus Mujer queremos acompa\u00f1arte, guiarte y apoyarte durante todas las etapas de tu vida. Por eso hemos creado este espacio para ti, una nube de informaci\u00f3n donde encontrar\u00e1s contenido \u00fatil y de calidad con v\u00eddeos y cursos para que vivas y afrontes de la mejor manera todos y cada uno de los momentos de tu vida.","breadcrumb":{"@id":"https:\/\/www.dexeus.com\/cloud\/#breadcrumb"},"inLanguage":"es","potentialAction":[{"@type":"ReadAction","target":["https:\/\/www.dexeus.com\/cloud\/"]}]},{"@type":"BreadcrumbList","@id":"https:\/\/www.dexeus.com\/cloud\/#breadcrumb","itemListElement":[{"@type":"ListItem","position":1,"name":"Home","item":"https:\/\/www.dexeus.com\/cloud\/"},{"@type":"ListItem","position":2,"name":"Inicio"}]},{"@type":"WebSite","@id":"https:\/\/www.dexeus.com\/cloud\/#website","url":"https:\/\/www.dexeus.com\/cloud\/","name":"Dexeus Cloud","description":"Una nube de informaci\u00f3n donde encontrar\u00e1s contenido \u00fatil y de calidad con v\u00eddeos y cursos para que vivas y afrontes de la mejor manera todos y cada uno de los momentos de tu vida.","publisher":{"@id":"https:\/\/www.dexeus.com\/cloud\/#organization"},"potentialAction":[{"@type":"SearchAction","target":{"@type":"EntryPoint","urlTemplate":"https:\/\/www.dexeus.com\/cloud\/?s={search_term_string}"},"query-input":"required name=search_term_string"}],"inLanguage":"es"},{"@type":"Organization","@id":"https:\/\/www.dexeus.com\/cloud\/#organization","name":"Dexeus Mujer","url":"https:\/\/www.dexeus.com\/cloud\/","logo":{"@type":"ImageObject","inLanguage":"es","@id":"https:\/\/www.dexeus.com\/cloud\/#\/schema\/logo\/image\/","url":"https:\/\/www.dexeus.com\/cloud\/wp-content\/uploads\/2019\/04\/logo-dexeus-cloud.png","contentUrl":"https:\/\/www.dexeus.com\/cloud\/wp-content\/uploads\/2019\/04\/logo-dexeus-cloud.png","width":104,"height":70,"caption":"Dexeus Mujer"},"image":{"@id":"https:\/\/www.dexeus.com\/cloud\/#\/schema\/logo\/image\/"},"sameAs":["https:\/\/www.facebook.com\/dexeusmujer","https:\/\/twitter.com\/dexeusmujer","https:\/\/www.youtube.com\/user\/DexeusMujer","https:\/\/www.instagram.com\/dexeusmujer\/"]}]}},"_links":{"self":[{"href":"https:\/\/www.dexeus.com\/cloud\/wp-json\/wp\/v2\/pages\/12"}],"collection":[{"href":"https:\/\/www.dexeus.com\/cloud\/wp-json\/wp\/v2\/pages"}],"about":[{"href":"https:\/\/www.dexeus.com\/cloud\/wp-json\/wp\/v2\/types\/page"}],"author":[{"embeddable":true,"href":"https:\/\/www.dexeus.com\/cloud\/wp-json\/wp\/v2\/users\/1"}],"replies":[{"embeddable":true,"href":"https:\/\/www.dexeus.com\/cloud\/wp-json\/wp\/v2\/comments?post=12"}],"version-history":[{"count":69,"href":"https:\/\/www.dexeus.com\/cloud\/wp-json\/wp\/v2\/pages\/12\/revisions"}],"predecessor-version":[{"id":15714,"href":"https:\/\/www.dexeus.com\/cloud\/wp-json\/wp\/v2\/pages\/12\/revisions\/15714"}],"wp:attachment":[{"href":"https:\/\/www.dexeus.com\/cloud\/wp-json\/wp\/v2\/media?parent=12"}],"curies":[{"name":"wp","href":"https:\/\/api.w.org\/{rel}","templated":true}]}}