{"id":14995,"date":"2024-02-01T08:44:49","date_gmt":"2024-02-01T07:44:49","guid":{"rendered":"https:\/\/www.dexeus.com\/cloud\/?page_id=14995"},"modified":"2024-02-01T08:48:21","modified_gmt":"2024-02-01T07:48:21","slug":"ginecoestetica","status":"publish","type":"page","link":"https:\/\/www.dexeus.com\/cloud\/cursos\/ginecoestetica\/","title":{"rendered":"Ginecoest\u00e9tica"},"content":{"rendered":"<p>[vc_row][vc_column]<div class=\"ult-spacer spacer-69df11e1000d4\" data-id=\"69df11e1000d4\" data-height=\"30\" data-height-mobile=\"30\" data-height-tab=\"30\" data-height-tab-portrait=\"\" data-height-mobile-landscape=\"\" style=\"clear:both;display:block;\"><\/div>[vc_column_text]<\/p>\n<h2 style=\"text-align: center;\">Ginecoest\u00e9tica<\/h2>\n<p>[\/vc_column_text]<div class=\"ult-spacer spacer-69df11e1000f2\" data-id=\"69df11e1000f2\" data-height=\"30\" data-height-mobile=\"30\" data-height-tab=\"30\" data-height-tab-portrait=\"\" data-height-mobile-landscape=\"\" style=\"clear:both;display:block;\"><\/div><div class=\"dt-shortcode with-isotope\"><div class=\"wf-container dt-portfolio-shortcode loading-effect-none iso-grid description-under-image content-align-centre\" data-padding=\"20px\" data-cur-page=\"1\" data-posts-per-page=\"-1\" data-width=\"370px\" data-columns=\"3\">\n<div class=\"wf-cell category-63\" data-post-id=\"14997\" data-date=\"2024-02-01T08:47:45+01:00\" data-name=\"Infiltraci\u00f3n de \u00e1cido hialur\u00f3nico\">\n<article class=\"post post-14997 dt_portfolio type-dt_portfolio status-publish has-post-thumbnail hentry dt_portfolio_category-ginecoestetica dt_portfolio_category-63 text-centered\">\n\n\t<div class=\"project-list-media\">\n\t<figure class=\"buttons-on-img forward-post\">\n\t\t<a href=\"https:\/\/www.dexeus.com\/cloud\/curso\/infiltracion-acido-hialuronico\/\" class=\"alignnone rollover layzr-bg\" title=\"shutterstock_149502236-e1570023759703\"  aria-label=\"Post image\"><img class=\"preload-me iso-lazy-load\" src=\"data:image\/svg+xml,%3Csvg%20xmlns%3D&#39;http%3A%2F%2Fwww.w3.org%2F2000%2Fsvg&#39;%20viewBox%3D&#39;0%200%20555%20370&#39;%2F%3E\" data-src=\"https:\/\/www.dexeus.com\/cloud\/wp-content\/uploads\/2019\/10\/shutterstock_149502236-e1570023759703-1-555x370.jpg\" data-srcset=\"https:\/\/www.dexeus.com\/cloud\/wp-content\/uploads\/2019\/10\/shutterstock_149502236-e1570023759703-1-555x370.jpg 555w, https:\/\/www.dexeus.com\/cloud\/wp-content\/uploads\/2019\/10\/shutterstock_149502236-e1570023759703-1.jpg 999w\" alt=\"\" width=\"555\" height=\"370\"  \/><\/a>\t\t\t<\/figure>\n<\/div>\n<div class=\"project-list-content\">\n\t<h3 class=\"entry-title\"><a href=\"https:\/\/www.dexeus.com\/cloud\/curso\/infiltracion-acido-hialuronico\/\" title=\"Infiltraci\u00f3n de \u00e1cido hialur\u00f3nico\" rel=\"bookmark\">Infiltraci\u00f3n de \u00e1cido hialur\u00f3nico<\/a><\/h3><p>La infiltraci\u00f3n de \u00e1cido hialur\u00f3nico en ginecolog\u00eda es un procedimiento m\u00e9dico en el cual se utiliza \u00e1cido hialur\u00f3nico para mejorar la salud y funci\u00f3n de los tejidos genitales femeninos.<\/p>\n<\/div>\n<\/article>\n\n<\/div>\n<div class=\"wf-cell category-63\" data-post-id=\"15001\" data-date=\"2024-02-01T08:53:11+01:00\" data-name=\"Plasma rico en plaquetas (PRP)\">\n<article class=\"post post-15001 dt_portfolio type-dt_portfolio status-publish has-post-thumbnail hentry dt_portfolio_category-ginecoestetica dt_portfolio_category-63 text-centered\">\n\n\t<div class=\"project-list-media\">\n\t<figure class=\"buttons-on-img forward-post\">\n\t\t<a href=\"https:\/\/www.dexeus.com\/cloud\/curso\/plasma-rico-plaqueta\/\" class=\"alignnone rollover layzr-bg\" title=\"chica-sonriente\"  aria-label=\"Post image\"><img class=\"preload-me iso-lazy-load\" src=\"data:image\/svg+xml,%3Csvg%20xmlns%3D&#39;http%3A%2F%2Fwww.w3.org%2F2000%2Fsvg&#39;%20viewBox%3D&#39;0%200%20555%20370&#39;%2F%3E\" data-src=\"https:\/\/www.dexeus.com\/cloud\/wp-content\/uploads\/2019\/10\/chica-sonriente-1-555x370.jpg\" data-srcset=\"https:\/\/www.dexeus.com\/cloud\/wp-content\/uploads\/2019\/10\/chica-sonriente-1-555x370.jpg 555w, https:\/\/www.dexeus.com\/cloud\/wp-content\/uploads\/2019\/10\/chica-sonriente-1.jpg 999w\" alt=\"\" width=\"555\" height=\"370\"  \/><\/a>\t\t\t<\/figure>\n<\/div>\n<div class=\"project-list-content\">\n\t<h3 class=\"entry-title\"><a href=\"https:\/\/www.dexeus.com\/cloud\/curso\/plasma-rico-plaqueta\/\" title=\"Plasma rico en plaquetas (PRP)\" rel=\"bookmark\">Plasma rico en plaquetas (PRP)<\/a><\/h3><p>Este tratamiento se ha utilizado para estimular la regeneraci\u00f3n de los tejidos, mejorar la lubricaci\u00f3n vaginal y reducir la incomodidad asociada con la sequedad<\/p>\n<\/div>\n<\/article>\n\n<\/div><\/div><\/div>[\/vc_column][\/vc_row]<\/p>\n","protected":false},"excerpt":{"rendered":"<p>[vc_row][vc_column][vc_column_text] Ginecoest\u00e9tica [\/vc_column_text][\/vc_column][\/vc_row]<\/p>\n","protected":false},"author":7813,"featured_media":1059,"parent":879,"menu_order":0,"comment_status":"closed","ping_status":"closed","template":"","meta":[],"yoast_head":"<!-- This site is optimized with the Yoast SEO plugin v20.1 - https:\/\/yoast.com\/wordpress\/plugins\/seo\/ -->\n<title>Ginecoest\u00e9tica - Dexeus Cloud<\/title>\n<meta name=\"description\" content=\"La cirug\u00eda ginecol\u00f3gica se refiere a cualquier procedimiento quir\u00fargico realizado en el \u00e1rea ginecol\u00f3gica, que se ocupa de la salud del sistema reproductor femenino.\" \/>\n<meta name=\"robots\" content=\"index, follow, max-snippet:-1, max-image-preview:large, max-video-preview:-1\" \/>\n<link rel=\"canonical\" href=\"https:\/\/www.dexeus.com\/cloud\/cursos\/ginecoestetica\/\" \/>\n<meta property=\"og:locale\" content=\"es_ES\" \/>\n<meta property=\"og:type\" content=\"article\" \/>\n<meta property=\"og:title\" content=\"Ginecoest\u00e9tica - Dexeus Cloud\" \/>\n<meta property=\"og:description\" content=\"La cirug\u00eda ginecol\u00f3gica se refiere a cualquier procedimiento quir\u00fargico realizado en el \u00e1rea ginecol\u00f3gica, que se ocupa de la salud del sistema reproductor femenino.\" \/>\n<meta property=\"og:url\" content=\"https:\/\/www.dexeus.com\/cloud\/cursos\/ginecoestetica\/\" \/>\n<meta property=\"og:site_name\" content=\"Dexeus Cloud\" \/>\n<meta property=\"article:publisher\" content=\"https:\/\/www.facebook.com\/dexeusmujer\" \/>\n<meta property=\"article:modified_time\" content=\"2024-02-01T07:48:21+00:00\" \/>\n<meta property=\"og:image\" content=\"https:\/\/www.dexeus.com\/cloud\/wp-content\/uploads\/2019\/04\/menopausia.jpg\" \/>\n\t<meta property=\"og:image:width\" content=\"600\" \/>\n\t<meta property=\"og:image:height\" content=\"400\" \/>\n\t<meta property=\"og:image:type\" content=\"image\/jpeg\" \/>\n<meta name=\"twitter:card\" content=\"summary_large_image\" \/>\n<meta name=\"twitter:site\" content=\"@dexeusmujer\" \/>\n<meta name=\"twitter:label1\" content=\"Est. reading time\" \/>\n\t<meta name=\"twitter:data1\" content=\"1 minuto\" \/>\n<script type=\"application\/ld+json\" class=\"yoast-schema-graph\">{\"@context\":\"https:\/\/schema.org\",\"@graph\":[{\"@type\":\"WebPage\",\"@id\":\"https:\/\/www.dexeus.com\/cloud\/cursos\/ginecoestetica\/\",\"url\":\"https:\/\/www.dexeus.com\/cloud\/cursos\/ginecoestetica\/\",\"name\":\"Ginecoest\u00e9tica - Dexeus Cloud\",\"isPartOf\":{\"@id\":\"https:\/\/www.dexeus.com\/cloud\/#website\"},\"datePublished\":\"2024-02-01T07:44:49+00:00\",\"dateModified\":\"2024-02-01T07:48:21+00:00\",\"description\":\"La cirug\u00eda ginecol\u00f3gica se refiere a cualquier procedimiento quir\u00fargico realizado en el \u00e1rea ginecol\u00f3gica, que se ocupa de la salud del sistema reproductor femenino.\",\"breadcrumb\":{\"@id\":\"https:\/\/www.dexeus.com\/cloud\/cursos\/ginecoestetica\/#breadcrumb\"},\"inLanguage\":\"es\",\"potentialAction\":[{\"@type\":\"ReadAction\",\"target\":[\"https:\/\/www.dexeus.com\/cloud\/cursos\/ginecoestetica\/\"]}]},{\"@type\":\"BreadcrumbList\",\"@id\":\"https:\/\/www.dexeus.com\/cloud\/cursos\/ginecoestetica\/#breadcrumb\",\"itemListElement\":[{\"@type\":\"ListItem\",\"position\":1,\"name\":\"Home\",\"item\":\"https:\/\/www.dexeus.com\/cloud\/\"},{\"@type\":\"ListItem\",\"position\":2,\"name\":\"Cursos\",\"item\":\"https:\/\/www.dexeus.com\/cloud\/cursos\/\"},{\"@type\":\"ListItem\",\"position\":3,\"name\":\"Ginecoest\u00e9tica\"}]},{\"@type\":\"WebSite\",\"@id\":\"https:\/\/www.dexeus.com\/cloud\/#website\",\"url\":\"https:\/\/www.dexeus.com\/cloud\/\",\"name\":\"Dexeus Cloud\",\"description\":\"Una nube de informaci\u00f3n donde encontrar\u00e1s contenido \u00fatil y de calidad con v\u00eddeos y cursos para que vivas y afrontes de la mejor manera todos y cada uno de los momentos de tu vida.\",\"publisher\":{\"@id\":\"https:\/\/www.dexeus.com\/cloud\/#organization\"},\"potentialAction\":[{\"@type\":\"SearchAction\",\"target\":{\"@type\":\"EntryPoint\",\"urlTemplate\":\"https:\/\/www.dexeus.com\/cloud\/?s={search_term_string}\"},\"query-input\":\"required name=search_term_string\"}],\"inLanguage\":\"es\"},{\"@type\":\"Organization\",\"@id\":\"https:\/\/www.dexeus.com\/cloud\/#organization\",\"name\":\"Dexeus Mujer\",\"url\":\"https:\/\/www.dexeus.com\/cloud\/\",\"logo\":{\"@type\":\"ImageObject\",\"inLanguage\":\"es\",\"@id\":\"https:\/\/www.dexeus.com\/cloud\/#\/schema\/logo\/image\/\",\"url\":\"https:\/\/www.dexeus.com\/cloud\/wp-content\/uploads\/2019\/04\/logo-dexeus-cloud.png\",\"contentUrl\":\"https:\/\/www.dexeus.com\/cloud\/wp-content\/uploads\/2019\/04\/logo-dexeus-cloud.png\",\"width\":104,\"height\":70,\"caption\":\"Dexeus Mujer\"},\"image\":{\"@id\":\"https:\/\/www.dexeus.com\/cloud\/#\/schema\/logo\/image\/\"},\"sameAs\":[\"https:\/\/www.facebook.com\/dexeusmujer\",\"https:\/\/twitter.com\/dexeusmujer\",\"https:\/\/www.youtube.com\/user\/DexeusMujer\",\"https:\/\/www.instagram.com\/dexeusmujer\/\"]}]}<\/script>\n<!-- \/ Yoast SEO plugin. -->","yoast_head_json":{"title":"Ginecoest\u00e9tica - Dexeus Cloud","description":"La cirug\u00eda ginecol\u00f3gica se refiere a cualquier procedimiento quir\u00fargico realizado en el \u00e1rea ginecol\u00f3gica, que se ocupa de la salud del sistema reproductor femenino.","robots":{"index":"index","follow":"follow","max-snippet":"max-snippet:-1","max-image-preview":"max-image-preview:large","max-video-preview":"max-video-preview:-1"},"canonical":"https:\/\/www.dexeus.com\/cloud\/cursos\/ginecoestetica\/","og_locale":"es_ES","og_type":"article","og_title":"Ginecoest\u00e9tica - Dexeus Cloud","og_description":"La cirug\u00eda ginecol\u00f3gica se refiere a cualquier procedimiento quir\u00fargico realizado en el \u00e1rea ginecol\u00f3gica, que se ocupa de la salud del sistema reproductor femenino.","og_url":"https:\/\/www.dexeus.com\/cloud\/cursos\/ginecoestetica\/","og_site_name":"Dexeus Cloud","article_publisher":"https:\/\/www.facebook.com\/dexeusmujer","article_modified_time":"2024-02-01T07:48:21+00:00","og_image":[{"width":600,"height":400,"url":"https:\/\/www.dexeus.com\/cloud\/wp-content\/uploads\/2019\/04\/menopausia.jpg","type":"image\/jpeg"}],"twitter_card":"summary_large_image","twitter_site":"@dexeusmujer","twitter_misc":{"Est. reading time":"1 minuto"},"schema":{"@context":"https:\/\/schema.org","@graph":[{"@type":"WebPage","@id":"https:\/\/www.dexeus.com\/cloud\/cursos\/ginecoestetica\/","url":"https:\/\/www.dexeus.com\/cloud\/cursos\/ginecoestetica\/","name":"Ginecoest\u00e9tica - Dexeus Cloud","isPartOf":{"@id":"https:\/\/www.dexeus.com\/cloud\/#website"},"datePublished":"2024-02-01T07:44:49+00:00","dateModified":"2024-02-01T07:48:21+00:00","description":"La cirug\u00eda ginecol\u00f3gica se refiere a cualquier procedimiento quir\u00fargico realizado en el \u00e1rea ginecol\u00f3gica, que se ocupa de la salud del sistema reproductor femenino.","breadcrumb":{"@id":"https:\/\/www.dexeus.com\/cloud\/cursos\/ginecoestetica\/#breadcrumb"},"inLanguage":"es","potentialAction":[{"@type":"ReadAction","target":["https:\/\/www.dexeus.com\/cloud\/cursos\/ginecoestetica\/"]}]},{"@type":"BreadcrumbList","@id":"https:\/\/www.dexeus.com\/cloud\/cursos\/ginecoestetica\/#breadcrumb","itemListElement":[{"@type":"ListItem","position":1,"name":"Home","item":"https:\/\/www.dexeus.com\/cloud\/"},{"@type":"ListItem","position":2,"name":"Cursos","item":"https:\/\/www.dexeus.com\/cloud\/cursos\/"},{"@type":"ListItem","position":3,"name":"Ginecoest\u00e9tica"}]},{"@type":"WebSite","@id":"https:\/\/www.dexeus.com\/cloud\/#website","url":"https:\/\/www.dexeus.com\/cloud\/","name":"Dexeus Cloud","description":"Una nube de informaci\u00f3n donde encontrar\u00e1s contenido \u00fatil y de calidad con v\u00eddeos y cursos para que vivas y afrontes de la mejor manera todos y cada uno de los momentos de tu vida.","publisher":{"@id":"https:\/\/www.dexeus.com\/cloud\/#organization"},"potentialAction":[{"@type":"SearchAction","target":{"@type":"EntryPoint","urlTemplate":"https:\/\/www.dexeus.com\/cloud\/?s={search_term_string}"},"query-input":"required name=search_term_string"}],"inLanguage":"es"},{"@type":"Organization","@id":"https:\/\/www.dexeus.com\/cloud\/#organization","name":"Dexeus Mujer","url":"https:\/\/www.dexeus.com\/cloud\/","logo":{"@type":"ImageObject","inLanguage":"es","@id":"https:\/\/www.dexeus.com\/cloud\/#\/schema\/logo\/image\/","url":"https:\/\/www.dexeus.com\/cloud\/wp-content\/uploads\/2019\/04\/logo-dexeus-cloud.png","contentUrl":"https:\/\/www.dexeus.com\/cloud\/wp-content\/uploads\/2019\/04\/logo-dexeus-cloud.png","width":104,"height":70,"caption":"Dexeus Mujer"},"image":{"@id":"https:\/\/www.dexeus.com\/cloud\/#\/schema\/logo\/image\/"},"sameAs":["https:\/\/www.facebook.com\/dexeusmujer","https:\/\/twitter.com\/dexeusmujer","https:\/\/www.youtube.com\/user\/DexeusMujer","https:\/\/www.instagram.com\/dexeusmujer\/"]}]}},"_links":{"self":[{"href":"https:\/\/www.dexeus.com\/cloud\/wp-json\/wp\/v2\/pages\/14995"}],"collection":[{"href":"https:\/\/www.dexeus.com\/cloud\/wp-json\/wp\/v2\/pages"}],"about":[{"href":"https:\/\/www.dexeus.com\/cloud\/wp-json\/wp\/v2\/types\/page"}],"author":[{"embeddable":true,"href":"https:\/\/www.dexeus.com\/cloud\/wp-json\/wp\/v2\/users\/7813"}],"replies":[{"embeddable":true,"href":"https:\/\/www.dexeus.com\/cloud\/wp-json\/wp\/v2\/comments?post=14995"}],"version-history":[{"count":2,"href":"https:\/\/www.dexeus.com\/cloud\/wp-json\/wp\/v2\/pages\/14995\/revisions"}],"predecessor-version":[{"id":14999,"href":"https:\/\/www.dexeus.com\/cloud\/wp-json\/wp\/v2\/pages\/14995\/revisions\/14999"}],"up":[{"embeddable":true,"href":"https:\/\/www.dexeus.com\/cloud\/wp-json\/wp\/v2\/pages\/879"}],"wp:featuredmedia":[{"embeddable":true,"href":"https:\/\/www.dexeus.com\/cloud\/wp-json\/wp\/v2\/media\/1059"}],"wp:attachment":[{"href":"https:\/\/www.dexeus.com\/cloud\/wp-json\/wp\/v2\/media?parent=14995"}],"curies":[{"name":"wp","href":"https:\/\/api.w.org\/{rel}","templated":true}]}}