{"id":895,"date":"2019-03-13T07:49:17","date_gmt":"2019-03-13T06:49:17","guid":{"rendered":"http:\/\/dexeus.webdigitalavenue.es\/?page_id=895"},"modified":"2019-05-31T13:15:05","modified_gmt":"2019-05-31T11:15:05","slug":"curso-mums-cool","status":"publish","type":"page","link":"https:\/\/www.dexeus.com\/cloud\/curso-mums-cool\/","title":{"rendered":"Curso Mums Cool"},"content":{"rendered":"<p>&nbsp;<\/p>\n<p style=\"text-align: center\">Este contenido solo est\u00e1 disponible para usuarios registrados. Accede a tu cuenta o <a href=\"https:\/\/www.dexeus.com\/cloud\/registro-y-suscripcion\/\">date de alta en nuestra plataforma<\/a>:<\/p>\n<p>&nbsp;<\/p>\n<h3 style=\"text-align: center;color: #0188cc\">Acceder a mi cuenta<\/h3>\n<p><div class=\"pc_aligned_form pc_falign_center\"><form class=\"pc_login_form pc_rm_login  pc_lf_long_labels\" ><div class=\"pc_login_row \"><label for=\"pc_auth_username\">Nombre de usuario o E-mail<\/label><div class=\"pc_field_container\"><input type=\"text\" name=\"pc_auth_username\" value=\"\"  autocapitalize=\"off\" autocomplete=\"off\" autocorrect=\"off\" aria-label=\"Nombre de usuario o E-mail\" maxlength=\"150\" \/><\/div><\/div><div class=\"pc_login_row \"><label for=\"pc_auth_psw\">Contrase\u00f1a<\/label><div class=\"pc_field_container\"><input type=\"password\" name=\"pc_auth_psw\" value=\"\"  autocapitalize=\"off\" autocomplete=\"off\" autocorrect=\"off\" aria-label=\"Contrase\u00f1a\" \/><\/div><\/div><div class=\"pc_hnpt_code\"><label for=\"pc_hnpt_1\">Antispam 1<\/label><input type=\"text\" name=\"pc_hnpt_1\" value=\"\" autocomplete=\"off\" \/><label for=\"pc_hnpt_2\">Antispam 2<\/label><input type=\"text\" name=\"pc_hnpt_2\" value=\"114\" autocomplete=\"off\" \/><label for=\"pc_hnpt_3\">Antispam 3<\/label><input type=\"text\" name=\"pc_hnpt_3\" value=\"a3bc731f972ba97cf38d730dcfc29102\" autocomplete=\"off\" \/><\/div><div id=\"pc_auth_message\"><\/div><div class=\"pc_login_smalls\"><div class=\"pc_login_remember_me\"><input type=\"checkbox\" name=\"pc_remember_me\" value=\"1\" autocomplete=\"off\" aria-label=\"recordar\" \/><small>recordar<\/small><\/div><small class=\"pcma_psw_recovery_trigger\" style=\"margin-left: 5%;\">Recuperar contrase\u00f1a<\/small><\/div><button class=\"pc_auth_btn\" type=\"submit\">            <span class=\"pc_inner_btn\">Login<\/span>        <\/button>        <div class=\"pcma_psw_recovery_wrap pc_displaynone\">            <div class=\"pc_login_row \">                <label>Intrudce tu e-mail<\/label>                <div class=\"pc_field_container\">                                        <input type=\"text\" name=\"pcma_psw_username\" class=\"pcma_psw_username\" value=\"\"  autocomplete=\"off\" \/>                <\/div>            <\/div>            <div class=\"pcma_psw_recovery_message\"><\/div>            <div class=\"pc_login_smalls\">                <small class=\"pcma_del_recovery\">Volver atr\u00e1s<\/small>            <\/div>            <button class=\"pcma_do_recovery\" type=\"button\">                <span class=\"pc_inner_btn\">Recuperar contrase\u00f1a<\/span>            <\/button>        <\/div><\/form><script type=\"text\/javascript\">    (function() {         \"use strict\";            const intval = setInterval(() => {            if(typeof(jQuery) == \"undefined\" || typeof(pc_login_smalls_display_check) == \"undefined\") {                return true;            }            else {                clearTimeout(intval);                const $ = jQuery;                    $(document).ready(function() {                    pc_login_smalls_display_check();                    pc_lf_labels_h_check();                });            }        }, 50);    })();<\/script><\/div><\/p>\n","protected":false},"excerpt":{"rendered":"<p>&nbsp; Este contenido solo est\u00e1 disponible para usuarios registrados. Accede a tu cuenta o date de alta en nuestra plataforma: &nbsp; Acceder a mi cuenta Nombre de usuario o E-mailContrase\u00f1aAntispam 1Antispam 2Antispam 3recordarRecuperar contrase\u00f1a Login Intrudce tu e-mail Volver atr\u00e1s Recuperar contrase\u00f1a<\/p>\n","protected":false},"author":1,"featured_media":0,"parent":0,"menu_order":0,"comment_status":"closed","ping_status":"closed","template":"","meta":[],"yoast_head":"<!-- This site is optimized with the Yoast SEO plugin v20.1 - https:\/\/yoast.com\/wordpress\/plugins\/seo\/ -->\n<title>Curso Mums Cool - Dexeus Cloud<\/title>\n<meta name=\"robots\" content=\"index, follow, max-snippet:-1, max-image-preview:large, max-video-preview:-1\" \/>\n<link rel=\"canonical\" href=\"https:\/\/www.dexeus.com\/cloud\/curso-mums-cool\/\" \/>\n<meta property=\"og:locale\" content=\"es_ES\" \/>\n<meta property=\"og:type\" content=\"article\" \/>\n<meta property=\"og:title\" content=\"Curso Mums Cool - Dexeus Cloud\" \/>\n<meta property=\"og:description\" content=\"&nbsp; Este contenido solo est\u00e1 disponible para usuarios registrados. Accede a tu cuenta o date de alta en nuestra plataforma: &nbsp; Acceder a mi cuenta Nombre de usuario o E-mailContrase\u00f1aAntispam 1Antispam 2Antispam 3recordarRecuperar contrase\u00f1a Login Intrudce tu e-mail Volver atr\u00e1s Recuperar contrase\u00f1a\" \/>\n<meta property=\"og:url\" content=\"https:\/\/www.dexeus.com\/cloud\/curso-mums-cool\/\" \/>\n<meta property=\"og:site_name\" content=\"Dexeus Cloud\" \/>\n<meta property=\"article:publisher\" content=\"https:\/\/www.facebook.com\/dexeusmujer\" \/>\n<meta property=\"article:modified_time\" content=\"2019-05-31T11:15:05+00:00\" \/>\n<meta name=\"twitter:card\" content=\"summary_large_image\" \/>\n<meta name=\"twitter:site\" content=\"@dexeusmujer\" \/>\n<script type=\"application\/ld+json\" class=\"yoast-schema-graph\">{\"@context\":\"https:\/\/schema.org\",\"@graph\":[{\"@type\":\"WebPage\",\"@id\":\"https:\/\/www.dexeus.com\/cloud\/curso-mums-cool\/\",\"url\":\"https:\/\/www.dexeus.com\/cloud\/curso-mums-cool\/\",\"name\":\"Curso Mums Cool - Dexeus Cloud\",\"isPartOf\":{\"@id\":\"https:\/\/www.dexeus.com\/cloud\/#website\"},\"datePublished\":\"2019-03-13T06:49:17+00:00\",\"dateModified\":\"2019-05-31T11:15:05+00:00\",\"breadcrumb\":{\"@id\":\"https:\/\/www.dexeus.com\/cloud\/curso-mums-cool\/#breadcrumb\"},\"inLanguage\":\"es\",\"potentialAction\":[{\"@type\":\"ReadAction\",\"target\":[\"https:\/\/www.dexeus.com\/cloud\/curso-mums-cool\/\"]}]},{\"@type\":\"BreadcrumbList\",\"@id\":\"https:\/\/www.dexeus.com\/cloud\/curso-mums-cool\/#breadcrumb\",\"itemListElement\":[{\"@type\":\"ListItem\",\"position\":1,\"name\":\"Home\",\"item\":\"https:\/\/www.dexeus.com\/cloud\/\"},{\"@type\":\"ListItem\",\"position\":2,\"name\":\"Curso Mums Cool\"}]},{\"@type\":\"WebSite\",\"@id\":\"https:\/\/www.dexeus.com\/cloud\/#website\",\"url\":\"https:\/\/www.dexeus.com\/cloud\/\",\"name\":\"Dexeus Cloud\",\"description\":\"Una nube de informaci\u00f3n donde encontrar\u00e1s contenido \u00fatil y de calidad con v\u00eddeos y cursos para que vivas y afrontes de la mejor manera todos y cada uno de los momentos de tu vida.\",\"publisher\":{\"@id\":\"https:\/\/www.dexeus.com\/cloud\/#organization\"},\"potentialAction\":[{\"@type\":\"SearchAction\",\"target\":{\"@type\":\"EntryPoint\",\"urlTemplate\":\"https:\/\/www.dexeus.com\/cloud\/?s={search_term_string}\"},\"query-input\":\"required name=search_term_string\"}],\"inLanguage\":\"es\"},{\"@type\":\"Organization\",\"@id\":\"https:\/\/www.dexeus.com\/cloud\/#organization\",\"name\":\"Dexeus Mujer\",\"url\":\"https:\/\/www.dexeus.com\/cloud\/\",\"logo\":{\"@type\":\"ImageObject\",\"inLanguage\":\"es\",\"@id\":\"https:\/\/www.dexeus.com\/cloud\/#\/schema\/logo\/image\/\",\"url\":\"https:\/\/www.dexeus.com\/cloud\/wp-content\/uploads\/2019\/04\/logo-dexeus-cloud.png\",\"contentUrl\":\"https:\/\/www.dexeus.com\/cloud\/wp-content\/uploads\/2019\/04\/logo-dexeus-cloud.png\",\"width\":104,\"height\":70,\"caption\":\"Dexeus Mujer\"},\"image\":{\"@id\":\"https:\/\/www.dexeus.com\/cloud\/#\/schema\/logo\/image\/\"},\"sameAs\":[\"https:\/\/www.facebook.com\/dexeusmujer\",\"https:\/\/twitter.com\/dexeusmujer\",\"https:\/\/www.youtube.com\/user\/DexeusMujer\",\"https:\/\/www.instagram.com\/dexeusmujer\/\"]}]}<\/script>\n<!-- \/ Yoast SEO plugin. -->","yoast_head_json":{"title":"Curso Mums Cool - Dexeus Cloud","robots":{"index":"index","follow":"follow","max-snippet":"max-snippet:-1","max-image-preview":"max-image-preview:large","max-video-preview":"max-video-preview:-1"},"canonical":"https:\/\/www.dexeus.com\/cloud\/curso-mums-cool\/","og_locale":"es_ES","og_type":"article","og_title":"Curso Mums Cool - Dexeus Cloud","og_description":"&nbsp; Este contenido solo est\u00e1 disponible para usuarios registrados. Accede a tu cuenta o date de alta en nuestra plataforma: &nbsp; Acceder a mi cuenta Nombre de usuario o E-mailContrase\u00f1aAntispam 1Antispam 2Antispam 3recordarRecuperar contrase\u00f1a Login Intrudce tu e-mail Volver atr\u00e1s Recuperar contrase\u00f1a","og_url":"https:\/\/www.dexeus.com\/cloud\/curso-mums-cool\/","og_site_name":"Dexeus Cloud","article_publisher":"https:\/\/www.facebook.com\/dexeusmujer","article_modified_time":"2019-05-31T11:15:05+00:00","twitter_card":"summary_large_image","twitter_site":"@dexeusmujer","schema":{"@context":"https:\/\/schema.org","@graph":[{"@type":"WebPage","@id":"https:\/\/www.dexeus.com\/cloud\/curso-mums-cool\/","url":"https:\/\/www.dexeus.com\/cloud\/curso-mums-cool\/","name":"Curso Mums Cool - Dexeus Cloud","isPartOf":{"@id":"https:\/\/www.dexeus.com\/cloud\/#website"},"datePublished":"2019-03-13T06:49:17+00:00","dateModified":"2019-05-31T11:15:05+00:00","breadcrumb":{"@id":"https:\/\/www.dexeus.com\/cloud\/curso-mums-cool\/#breadcrumb"},"inLanguage":"es","potentialAction":[{"@type":"ReadAction","target":["https:\/\/www.dexeus.com\/cloud\/curso-mums-cool\/"]}]},{"@type":"BreadcrumbList","@id":"https:\/\/www.dexeus.com\/cloud\/curso-mums-cool\/#breadcrumb","itemListElement":[{"@type":"ListItem","position":1,"name":"Home","item":"https:\/\/www.dexeus.com\/cloud\/"},{"@type":"ListItem","position":2,"name":"Curso Mums Cool"}]},{"@type":"WebSite","@id":"https:\/\/www.dexeus.com\/cloud\/#website","url":"https:\/\/www.dexeus.com\/cloud\/","name":"Dexeus Cloud","description":"Una nube de informaci\u00f3n donde encontrar\u00e1s contenido \u00fatil y de calidad con v\u00eddeos y cursos para que vivas y afrontes de la mejor manera todos y cada uno de los momentos de tu vida.","publisher":{"@id":"https:\/\/www.dexeus.com\/cloud\/#organization"},"potentialAction":[{"@type":"SearchAction","target":{"@type":"EntryPoint","urlTemplate":"https:\/\/www.dexeus.com\/cloud\/?s={search_term_string}"},"query-input":"required name=search_term_string"}],"inLanguage":"es"},{"@type":"Organization","@id":"https:\/\/www.dexeus.com\/cloud\/#organization","name":"Dexeus Mujer","url":"https:\/\/www.dexeus.com\/cloud\/","logo":{"@type":"ImageObject","inLanguage":"es","@id":"https:\/\/www.dexeus.com\/cloud\/#\/schema\/logo\/image\/","url":"https:\/\/www.dexeus.com\/cloud\/wp-content\/uploads\/2019\/04\/logo-dexeus-cloud.png","contentUrl":"https:\/\/www.dexeus.com\/cloud\/wp-content\/uploads\/2019\/04\/logo-dexeus-cloud.png","width":104,"height":70,"caption":"Dexeus Mujer"},"image":{"@id":"https:\/\/www.dexeus.com\/cloud\/#\/schema\/logo\/image\/"},"sameAs":["https:\/\/www.facebook.com\/dexeusmujer","https:\/\/twitter.com\/dexeusmujer","https:\/\/www.youtube.com\/user\/DexeusMujer","https:\/\/www.instagram.com\/dexeusmujer\/"]}]}},"_links":{"self":[{"href":"https:\/\/www.dexeus.com\/cloud\/wp-json\/wp\/v2\/pages\/895"}],"collection":[{"href":"https:\/\/www.dexeus.com\/cloud\/wp-json\/wp\/v2\/pages"}],"about":[{"href":"https:\/\/www.dexeus.com\/cloud\/wp-json\/wp\/v2\/types\/page"}],"author":[{"embeddable":true,"href":"https:\/\/www.dexeus.com\/cloud\/wp-json\/wp\/v2\/users\/1"}],"replies":[{"embeddable":true,"href":"https:\/\/www.dexeus.com\/cloud\/wp-json\/wp\/v2\/comments?post=895"}],"version-history":[{"count":8,"href":"https:\/\/www.dexeus.com\/cloud\/wp-json\/wp\/v2\/pages\/895\/revisions"}],"predecessor-version":[{"id":1808,"href":"https:\/\/www.dexeus.com\/cloud\/wp-json\/wp\/v2\/pages\/895\/revisions\/1808"}],"wp:attachment":[{"href":"https:\/\/www.dexeus.com\/cloud\/wp-json\/wp\/v2\/media?parent=895"}],"curies":[{"name":"wp","href":"https:\/\/api.w.org\/{rel}","templated":true}]}}